{"id":1036,"date":"2017-07-04T22:39:45","date_gmt":"2017-07-04T22:39:45","guid":{"rendered":"http:\/\/alospicos.com\/?page_id=1036"},"modified":"2018-03-20T09:00:56","modified_gmt":"2018-03-20T09:00:56","slug":"patrimonio","status":"publish","type":"page","link":"https:\/\/alospicos.com\/index.php\/patrimonio\/","title":{"rendered":"Patrimonio"},"content":{"rendered":"<p>[et_pb_section bb_built=\u00bb1&#8243; background_color=\u00bb#7f0e00&#8243; fullwidth=\u00bbon\u00bb _builder_version=\u00bb3.0.58&#8243;][et_pb_fullwidth_header title=\u00bbPatrimonio\u00bb subhead=\u00bbElementos y lugares de valor patrimonial\u00bb background_layout=\u00bbdark\u00bb _builder_version=\u00bb3.0.58&#8243; background_size=\u00bbinitial\u00bb background_position=\u00bbtop_left\u00bb background_repeat=\u00bbrepeat\u00bb \/][\/et_pb_section][et_pb_section bb_built=\u00bb1&#8243; admin_label=\u00bbsection\u00bb _builder_version=\u00bb3.0.47&#8243;][et_pb_row admin_label=\u00bbrow\u00bb custom_padding=\u00bb27px|0px|27px|0px\u00bb _builder_version=\u00bb3.0.47&#8243; background_size=\u00bbinitial\u00bb background_position=\u00bbtop_left\u00bb background_repeat=\u00bbrepeat\u00bb][et_pb_column type=\u00bb4_4&#8243;][et_pb_text _builder_version=\u00bb3.0.60&#8243; background_size=\u00bbinitial\u00bb background_position=\u00bbtop_left\u00bb background_repeat=\u00bbrepeat\u00bb background_layout=\u00bblight\u00bb text_orientation=\u00bbleft\u00bb border_style=\u00bbsolid\u00bb]<\/p>\n<ol>\n<li><a href=\"http:\/\/alospicos.com\/index.php\/project\/puente-romano\/\" target=\"_blank\" rel=\"noopener noreferrer\">El Puente Romano<\/a>, de Cangas de On\u00eds<\/li>\n<li><a href=\"http:\/\/alospicos.com\/index.php\/project\/cueva-de-covadonga\/\" target=\"_blank\" rel=\"noopener noreferrer\">Covadonga<\/a> (Cangas de On\u00eds)<\/li>\n<li><a href=\"http:\/\/www.jdiezarnal.com\/santamariadelebena.html\" target=\"_blank\" rel=\"noopener noreferrer\">Santa M\u00aa de Lebe\u00f1a<\/a>, iglesia prerrom\u00e1nica y lugar<\/li>\n<li><a href=\"http:\/\/www.santotoribiodeliebana.es\" target=\"_blank\" rel=\"noopener noreferrer\">Monasterio de Santo Toribio de Li\u00e9bana<\/a>, en Potes (Cantabria)<\/li>\n<li><a href=\"http:\/\/www.parador.es\/sites\/default\/files\/parador\/adjuntos\/2015\/12\/cangas_de_onis.pdf\" target=\"_blank\" rel=\"noopener\">Monasterio de Villanueva<\/a>, en Cangas de On\u00eds<\/li>\n<li><a href=\"http:\/\/www.archivodeindianos.es\/index.php\/el-museo-y-la-visita\/historia\" target=\"_blank\" rel=\"noopener noreferrer\">La Quinta Guadalupe<\/a>, o Archivo de Indianos, en Colombres (Ribadedeva)<\/li>\n<li><a href=\"http:\/\/alospicos.com\/index.php\/project\/pelono\/\" target=\"_blank\" rel=\"noopener\">Bosque de Pelo\u00f1o<\/a> y <em>Robl\u00f3n de Los Bustiellos\u00a0<\/em>(Ponga)<\/li>\n<li><a href=\"http:\/\/ventaniella.com\" target=\"_blank\" rel=\"noopener noreferrer\">La Caser\u00eda de Ventaniella<\/a>, en Sobrefoz (Ponga)<\/li>\n<li><a href=\"http:\/\/www.centrotitobustillo.com\/es\/2\/la-cueva\/20\/el-descubrimiento.html\" target=\"_blank\" rel=\"noopener noreferrer\">La Cueva de Tito Bustillo<\/a>, en Ribadesella<\/li>\n<\/ol>\n<p>[\/et_pb_text][\/et_pb_column][\/et_pb_row][\/et_pb_section][et_pb_section bb_built=\u00bb1&#8243; _builder_version=\u00bb3.0.47&#8243;][et_pb_row _builder_version=\u00bb3.0.47&#8243; background_size=\u00bbinitial\u00bb background_position=\u00bbtop_left\u00bb background_repeat=\u00bbrepeat\u00bb][et_pb_column type=\u00bb4_4&#8243;][et_pb_filterable_portfolio fullwidth=\u00bboff\u00bb posts_number=\u00bb10&#8243; include_categories=\u00bb11&#8243; _builder_version=\u00bb3.0.58&#8243; \/][\/et_pb_column][\/et_pb_row][\/et_pb_section]<\/p>\n","protected":false},"excerpt":{"rendered":"<p>El Puente Romano, de Cangas de On\u00eds Covadonga (Cangas de On\u00eds) Santa M\u00aa de Lebe\u00f1a, iglesia prerrom\u00e1nica y lugar Monasterio de Santo Toribio de Li\u00e9bana, en Potes (Cantabria) Monasterio de Villanueva, en Cangas de On\u00eds La Quinta Guadalupe, o Archivo de Indianos, en Colombres (Ribadedeva) Bosque de Pelo\u00f1o y Robl\u00f3n de Los Bustiellos\u00a0(Ponga) La Caser\u00eda [&hellip;]<\/p>\n","protected":false},"author":1,"featured_media":0,"parent":0,"menu_order":0,"comment_status":"closed","ping_status":"closed","template":"","meta":{"_et_pb_use_builder":"on","_et_pb_old_content":"","_et_gb_content_width":"","footnotes":""},"class_list":["post-1036","page","type-page","status-publish","hentry"],"_links":{"self":[{"href":"https:\/\/alospicos.com\/index.php\/wp-json\/wp\/v2\/pages\/1036","targetHints":{"allow":["GET"]}}],"collection":[{"href":"https:\/\/alospicos.com\/index.php\/wp-json\/wp\/v2\/pages"}],"about":[{"href":"https:\/\/alospicos.com\/index.php\/wp-json\/wp\/v2\/types\/page"}],"author":[{"embeddable":true,"href":"https:\/\/alospicos.com\/index.php\/wp-json\/wp\/v2\/users\/1"}],"replies":[{"embeddable":true,"href":"https:\/\/alospicos.com\/index.php\/wp-json\/wp\/v2\/comments?post=1036"}],"version-history":[{"count":18,"href":"https:\/\/alospicos.com\/index.php\/wp-json\/wp\/v2\/pages\/1036\/revisions"}],"predecessor-version":[{"id":1116,"href":"https:\/\/alospicos.com\/index.php\/wp-json\/wp\/v2\/pages\/1036\/revisions\/1116"}],"wp:attachment":[{"href":"https:\/\/alospicos.com\/index.php\/wp-json\/wp\/v2\/media?parent=1036"}],"curies":[{"name":"wp","href":"https:\/\/api.w.org\/{rel}","templated":true}]}}