{"id":458,"date":"2017-05-31T08:32:01","date_gmt":"2017-05-31T08:32:01","guid":{"rendered":"http:\/\/alospicos.com\/thepicos\/?page_id=458"},"modified":"2023-10-24T08:06:44","modified_gmt":"2023-10-24T08:06:44","slug":"los-lagos","status":"publish","type":"page","link":"https:\/\/alospicos.com\/index.php\/los-lagos\/","title":{"rendered":"Los Lagos"},"content":{"rendered":"<p>[et_pb_section fb_built=\u00bb1&#8243; admin_label=\u00bbsection\u00bb _builder_version=\u00bb4.16&#8243; background_color=\u00bb#000000&#8243; custom_padding=\u00bb54px|14px|54px|0px\u00bb global_colors_info=\u00bb{}\u00bb][et_pb_row _builder_version=\u00bb4.16&#8243; background_size=\u00bbinitial\u00bb background_position=\u00bbtop_left\u00bb background_repeat=\u00bbrepeat\u00bb global_colors_info=\u00bb{}\u00bb][et_pb_column type=\u00bb4_4&#8243; _builder_version=\u00bb4.16&#8243; custom_padding=\u00bb|||\u00bb global_colors_info=\u00bb{}\u00bb custom_padding__hover=\u00bb|||\u00bb][et_pb_blurb title=\u00bbLos Lagos de Covadonga\u00bb image_icon_width=\u00bbnone\u00bb _builder_version=\u00bb4.16&#8243; header_font=\u00bb|on|||\u00bb header_font_size=\u00bb40px\u00bb background_size=\u00bbinitial\u00bb background_position=\u00bbtop_left\u00bb background_repeat=\u00bbrepeat\u00bb text_orientation=\u00bbcenter\u00bb background_layout=\u00bbdark\u00bb image_max_width=\u00bbnone\u00bb global_colors_info=\u00bb{}\u00bb]Lagos y paisaje de origen glaciar<br \/>\n[\/et_pb_blurb][et_pb_image src=\u00bbhttp:\/\/alospicos.com\/wp-content\/uploads\/2017\/06\/Lago-Ercina.jpg\u00bb align_tablet=\u00bbcenter\u00bb align_phone=\u00bb\u00bb align_last_edited=\u00bbon|desktop\u00bb _builder_version=\u00bb4.16&#8243; border_style=\u00bbsolid\u00bb animation=\u00bboff\u00bb sticky=\u00bboff\u00bb always_center_on_mobile=\u00bbon\u00bb global_colors_info=\u00bb{}\u00bb][\/et_pb_image][et_pb_text _builder_version=\u00bb4.16&#8243; background_size=\u00bbinitial\u00bb background_position=\u00bbtop_left\u00bb background_repeat=\u00bbrepeat\u00bb background_layout=\u00bbdark\u00bb global_colors_info=\u00bb{}\u00bb]El lago Ercina compone con el Enol y el Bricial (en invierno) el conjunto de cubetas de origen glaciar que se conoce como \u00abLagos de Covadonga\u00bb. Fotograf\u00eda de F. Saura<br \/>\n[\/et_pb_text][\/et_pb_column][\/et_pb_row][et_pb_row column_structure=\u00bb1_2,1_2&#8243; admin_label=\u00bbrow\u00bb _builder_version=\u00bb4.16&#8243; background_size=\u00bbinitial\u00bb background_position=\u00bbtop_left\u00bb background_repeat=\u00bbrepeat\u00bb global_colors_info=\u00bb{}\u00bb][et_pb_column type=\u00bb1_2&#8243; _builder_version=\u00bb4.16&#8243; custom_padding=\u00bb|||\u00bb global_colors_info=\u00bb{}\u00bb custom_padding__hover=\u00bb|||\u00bb][et_pb_accordion _builder_version=\u00bb4.16&#8243; border_style=\u00bbsolid\u00bb global_colors_info=\u00bb{}\u00bb][et_pb_accordion_item title=\u00bbHistoria de un paisaje\u00bb open=\u00bbon\u00bb _builder_version=\u00bb4.16&#8243; global_colors_info=\u00bb{}\u00bb]Gonzalo Barrena<\/p>\n<p>La geograf\u00eda de Los Picos de Europa es el resultado de una prolongada herencia. Comenz\u00f3 naciendo de los plegamientos hercinianos, hace cientos de millones de a\u00f1os, continu\u00f3 con la orogenia alpina y el modelado glaciar, millones de a\u00f1os despu\u00e9s y, con el karst, conform\u00f3 la densa red de galer\u00edas y simas del subsuelo, desde hace miles de a\u00f1os.<br \/>\nEn la superficie, los glaciares modelaron con una acci\u00f3n contundente el perfil que se percibe: valles en \u201cU\u201d o en artesa, llombas o morrenas, circos y cubetas como las que cosntituyen, por ejemplo, la periferia de los lagos Enol y Ercina. El monte Auseva, por cuyo seno discurre el r\u00edo que vuelve a brotar bajo la cueva de Covadonga, es otra muestra de esa acci\u00f3n.<br \/>\nPosteriormente, y durante m\u00e1s de seis mil a\u00f1os, un pastoreo de origen neol\u00edtico constitu\u00eddo por cabras y ovejas principalmente ir\u00e1 configurando el paisaje de camperas, fresnos y majadas que define ahora este territorio. La toponimia, plagada de referencias ganaderas, y el culto a la naturaleza, del que Covadonga es una representaci\u00f3n inequ\u00edvoca, confirman sus ra\u00edces.<br \/>\nYa en nuestra \u00e9poca, y desde el \u00faltimo tercio del siglo XIX, el excursionismo \u201calpino\u201d incurre en la regi\u00f3n. Miembros de aquellos \u201cclubs\u201d reci\u00e9n creados en Francia e Inglaterra, comenzaron a visitar y a topografiar las principales cotas de esta geograf\u00eda, y una intensa actividad minera, que contaba ya con antecedentes prerromanos, suced\u00eda a aquellos estudios prolong\u00e1ndose durante buena parte del siglo XX.<br \/>\nLos poblados mineros que se alzaron entonces en torno a Los Lagos coexist\u00edan con majadas intensamente habitadas en las que los pastores permanec\u00edan de mayo a octubre, cuajando quesos de gamon\u00e9u en las artesas de siempre.<br \/>\nAbajo, un tranv\u00eda de vapor transportaba desde Covadonga hasta Arriondas el hierro o el manganeso que se bajaba por cable de Los Lagos.<br \/>\nPero aquellos ge\u00f3grafos, excursionistas e ingenieros del siglo XIX, los trabajadores mineros y casi todos los pastores, durante estas \u00faltimas d\u00e9cadas, fueron sustituidos por un p\u00fablico masivo, urgente y consumidor de paisaje. Ahora, en muchos foros se a\u00f1ora la visita de calidad y las im\u00e1genes de entonces, pero se emplea confusamente el concepto, confundi\u00e9ndolo con la capacidad de desembolso, pues quiz\u00e1 debiera entenderse por visitantes de calidad a quienes no escatiman tiempo, sensibilidad y conocimiento durante su estancia.<br \/>\n[\/et_pb_accordion_item][\/et_pb_accordion][et_pb_code admin_label=\u00bbC\u00f3digo mapa\u00bb _builder_version=\u00bb4.16&#8243; background_size=\u00bbinitial\u00bb background_position=\u00bbtop_left\u00bb background_repeat=\u00bbrepeat\u00bb global_colors_info=\u00bb{}\u00bb]<iframe loading=\"lazy\" src=\"https:\/\/www.google.com\/maps\/embed?pb=!1m14!1m8!1m3!1d5896518.151048923!2d-5.019976!3d43.811056!3m2!1i1024!2i768!4f13.1!3m3!1m2!1s0xd49d97c8f71c795%3A0x25b5adf8d964caca!2sLago+de+la+Ercina!5e0!3m2!1ses!2sus!4v1496219928328\" width=\"600\" height=\"400\" frameborder=\"0\" style=\"border:0\" allowfullscreen><\/iframe>[\/et_pb_code][et_pb_cta title=\u00bbRefugio Vega de Enol\u00bb button_url=\u00bbhttp:\/\/refugiovegadeenol.com\u00bb url_new_window=\u00bbon\u00bb button_text=\u00bbWeb del Refugio\u00bb _builder_version=\u00bb4.16&#8243; use_background_color=\u00bboff\u00bb background_image=\u00bbhttps:\/\/alospicos.com\/wp-content\/uploads\/2017\/05\/Ref-Enol-FB.jpg\u00bb custom_padding=\u00bb||10px|\u00bb border_style=\u00bbsolid\u00bb button_letter_spacing_hover=\u00bb0&#8243; global_colors_info=\u00bb{}\u00bb button_text_size__hover_enabled=\u00bboff\u00bb button_one_text_size__hover_enabled=\u00bboff\u00bb button_two_text_size__hover_enabled=\u00bboff\u00bb button_text_color__hover_enabled=\u00bboff\u00bb button_one_text_color__hover_enabled=\u00bboff\u00bb button_two_text_color__hover_enabled=\u00bboff\u00bb button_border_width__hover_enabled=\u00bboff\u00bb button_one_border_width__hover_enabled=\u00bboff\u00bb button_two_border_width__hover_enabled=\u00bboff\u00bb button_border_color__hover_enabled=\u00bboff\u00bb button_one_border_color__hover_enabled=\u00bboff\u00bb button_two_border_color__hover_enabled=\u00bboff\u00bb button_border_radius__hover_enabled=\u00bboff\u00bb button_one_border_radius__hover_enabled=\u00bboff\u00bb button_two_border_radius__hover_enabled=\u00bboff\u00bb button_letter_spacing__hover_enabled=\u00bbon\u00bb button_letter_spacing__hover=\u00bb0&#8243; button_one_letter_spacing__hover_enabled=\u00bboff\u00bb button_two_letter_spacing__hover_enabled=\u00bboff\u00bb button_bg_color__hover_enabled=\u00bboff\u00bb button_one_bg_color__hover_enabled=\u00bboff\u00bb button_two_bg_color__hover_enabled=\u00bboff\u00bb]<\/p>\n<p>Casa municipal de Pastores, 16 plazas, restaurante.<br \/> Abierto todo el a\u00f1o.<\/p>\n<p>[\/et_pb_cta][\/et_pb_column][et_pb_column type=\u00bb1_2&#8243; _builder_version=\u00bb4.16&#8243; custom_padding=\u00bb|||\u00bb global_colors_info=\u00bb{}\u00bb custom_padding__hover=\u00bb|||\u00bb][et_pb_image src=\u00bbhttp:\/\/alospicos.com\/wp-content\/uploads\/2017\/06\/Lago-y-vega-de-Enol.jpg\u00bb align=\u00bbcenter\u00bb align_tablet=\u00bbcenter\u00bb align_phone=\u00bb\u00bb align_last_edited=\u00bbon|desktop\u00bb _builder_version=\u00bb4.16&#8243; border_style=\u00bbsolid\u00bb animation=\u00bboff\u00bb sticky=\u00bboff\u00bb always_center_on_mobile=\u00bbon\u00bb global_colors_info=\u00bb{}\u00bb][\/et_pb_image][et_pb_text _builder_version=\u00bb4.16&#8243; background_size=\u00bbinitial\u00bb background_position=\u00bbtop_left\u00bb background_repeat=\u00bbrepeat\u00bb text_orientation=\u00bbright\u00bb background_layout=\u00bbdark\u00bb global_colors_info=\u00bb{}\u00bb]El lago Enol y la vega que lleva su mismo nombre<br \/>\n[\/et_pb_text][et_pb_image src=\u00bbhttp:\/\/alospicos.com\/wp-content\/uploads\/2017\/06\/Lago-Enol-y-Refugio.jpg\u00bb align=\u00bbcenter\u00bb align_tablet=\u00bbcenter\u00bb align_phone=\u00bb\u00bb align_last_edited=\u00bbon|desktop\u00bb _builder_version=\u00bb4.16&#8243; border_style=\u00bbsolid\u00bb animation=\u00bboff\u00bb sticky=\u00bboff\u00bb always_center_on_mobile=\u00bbon\u00bb global_colors_info=\u00bb{}\u00bb][\/et_pb_image][et_pb_text _builder_version=\u00bb4.16&#8243; background_size=\u00bbinitial\u00bb background_position=\u00bbtop_left\u00bb background_repeat=\u00bbrepeat\u00bb text_orientation=\u00bbright\u00bb background_layout=\u00bbdark\u00bb border_style=\u00bbsolid\u00bb global_colors_info=\u00bb{}\u00bb]Lago y vega de enol, con el Refugio al fondo. El refugio permanece abierto todo el a\u00f1o y es accesible en coche.<br \/>\n[\/et_pb_text][et_pb_text admin_label=\u00bbAmarillo info\u00bb _builder_version=\u00bb4.16&#8243; text_text_color=\u00bb#000000&#8243; background_color=\u00bb#edf000&#8243; background_size=\u00bbinitial\u00bb background_position=\u00bbtop_left\u00bb background_repeat=\u00bbrepeat\u00bb text_orientation=\u00bbjustified\u00bb custom_padding=\u00bb10px|10px|10px|10px\u00bb border_style=\u00bbsolid\u00bb global_colors_info=\u00bb{}\u00bb]<\/p>\n<p class=\"paragraph_style_3\"><strong><span class=\"style_9\">VISITAR LOS LAGOS<\/span><\/strong><span class=\"style_10\"><br \/>\n<span class=\"style_10\">Preferiblemente fuera de los d\u00edas de m\u00e1xima concentraci\u00f3n de visitantes (Semana Santa, julio y agosto), durante los que hay que utilizar obligatoriamente el servicio de autob\u00fas, p<\/span><span class=\"style_10\">uede subirse en coche hasta Los Lagos, a trav\u00e9s de los 11 km de carretera que unen Covadonga y el aparcamiento de Buferrera, a 1.000 metros de altitud entre ambos.<\/span><br \/>\n<\/span><\/p>\n<p class=\"paragraph_style_9\"><span class=\"style_9\">Distancia desde Covadonga:\u00a0 11 km. de subida<\/span><\/p>\n<p class=\"paragraph_style_9\"><span class=\"style_9\">Distancia desde Cangas de On\u00eds: 22 km.<\/span><\/p>\n<p class=\"paragraph_style_9\"><strong>Oficina de<\/strong> <strong>Turismo<\/strong>\u00a0(Cangas):<strong>\u00a0<\/strong>985 84 80 43<\/p>\n<p><a href=\"http:\/\/refugiovegadeenol.com\" target=\"_blank\" rel=\"noopener noreferrer\">Refugio Vega de Enol<\/a>: abierto todo el a\u00f1o<br \/>\n[\/et_pb_text][et_pb_text admin_label=\u00bbAmarillo info\u00bb _builder_version=\u00bb4.16&#8243; text_text_color=\u00bb#000000&#8243; background_color=\u00bb#edf000&#8243; background_size=\u00bbinitial\u00bb background_position=\u00bbtop_left\u00bb background_repeat=\u00bbrepeat\u00bb text_orientation=\u00bbjustified\u00bb custom_padding=\u00bb10px|10px|10px|10px\u00bb global_colors_info=\u00bb{}\u00bb]<\/p>\n<p class=\"paragraph_style_12\"><strong>CENTRO DE RECEPCI\u00d3N DE VISITANTES \u00abPEDRO PIDAL\u00bb<\/strong><br \/>\n(En las inmediaciones)<\/p>\n<p>\u00c1rea de servicios de Buferrera &#8211; Lagos de Covadonga<\/p>\n<p class=\"parrafo_linea\"><strong>Horario:\u00a0<\/strong>de\u00a010.00 h a las 18:00 horas, de julio a septiembre, en Semana Santa y en determinadas fechas vacacionales.<\/p>\n<ul>\n<li>Del 1 de julio al 30 de septiembre<\/li>\n<li>Del 14 al 20 de abril<\/li>\n<li>Del 1 al 4 de mayo<\/li>\n<\/ul>\n<p class=\"parrafo_linea\"><strong>Servicios<\/strong>: Proyecci\u00f3n de audiovisuales, diaporama, exposiciones permanentes, venta de publicaciones, maqueta-audiovisual del Parque Nacional. En el exterior existe un \u00e1rea de recreo, arboreto con especies aut\u00f3ctonas y museo de la miner\u00eda.<\/p>\n<p><strong>Tel\u00e9fono de informaci\u00f3n: 985 848 614<\/strong><br \/>\n[\/et_pb_text][\/et_pb_column][\/et_pb_row][et_pb_row _builder_version=\u00bb4.16&#8243; background_size=\u00bbinitial\u00bb background_position=\u00bbtop_left\u00bb background_repeat=\u00bbrepeat\u00bb global_colors_info=\u00bb{}\u00bb column_structure=\u00bb1_2,1_2&#8243;][et_pb_column type=\u00bb1_2&#8243; _builder_version=\u00bb4.16&#8243; custom_padding=\u00bb|||\u00bb global_colors_info=\u00bb{}\u00bb custom_padding__hover=\u00bb|||\u00bb][et_pb_button button_url=\u00bbhttp:\/\/alospicos.com\u00bb button_text=\u00bbInicio\u00bb button_alignment=\u00bbcenter\u00bb admin_label=\u00bbInicio\u00bb _builder_version=\u00bb4.16&#8243; custom_button=\u00bbon\u00bb button_text_color=\u00bb#e02b20&#8243; background_layout=\u00bbdark\u00bb button_letter_spacing_hover=\u00bb0&#8243; global_colors_info=\u00bb{}\u00bb button_text_size__hover_enabled=\u00bboff\u00bb button_one_text_size__hover_enabled=\u00bboff\u00bb button_two_text_size__hover_enabled=\u00bboff\u00bb button_text_color__hover_enabled=\u00bboff\u00bb button_one_text_color__hover_enabled=\u00bboff\u00bb button_two_text_color__hover_enabled=\u00bboff\u00bb button_border_width__hover_enabled=\u00bboff\u00bb button_one_border_width__hover_enabled=\u00bboff\u00bb button_two_border_width__hover_enabled=\u00bboff\u00bb button_border_color__hover_enabled=\u00bboff\u00bb button_one_border_color__hover_enabled=\u00bboff\u00bb button_two_border_color__hover_enabled=\u00bboff\u00bb button_border_radius__hover_enabled=\u00bboff\u00bb button_one_border_radius__hover_enabled=\u00bboff\u00bb button_two_border_radius__hover_enabled=\u00bboff\u00bb button_letter_spacing__hover_enabled=\u00bbon\u00bb button_letter_spacing__hover=\u00bb0&#8243; button_one_letter_spacing__hover_enabled=\u00bboff\u00bb button_two_letter_spacing__hover_enabled=\u00bboff\u00bb button_bg_color__hover_enabled=\u00bboff\u00bb button_one_bg_color__hover_enabled=\u00bboff\u00bb button_two_bg_color__hover_enabled=\u00bboff\u00bb][\/et_pb_button][\/et_pb_column][et_pb_column type=\u00bb1_2&#8243; _builder_version=\u00bb4.16&#8243; custom_padding=\u00bb|||\u00bb global_colors_info=\u00bb{}\u00bb custom_padding__hover=\u00bb|||\u00bb][et_pb_blurb title=\u00bbASTURIAS VERTICAL\u00bb url=\u00bbhttps:\/\/asturiasvertical.com\u00bb url_new_window=\u00bbon\u00bb image=\u00bbhttps:\/\/alospicos.com\/wp-content\/uploads\/2023\/10\/Logotipo-Asturias-Vertical.png\u00bb icon_placement=\u00bbleft\u00bb _builder_version=\u00bb4.23&#8243; _module_preset=\u00bbdefault\u00bb background_color=\u00bb#0C71C3&#8243; background_layout=\u00bbdark\u00bb custom_padding=\u00bb10px||10px||true|false\u00bb link_option_url=\u00bbhttps:\/\/asturiasvertical.com\u00bb link_option_url_new_window=\u00bbon\u00bb border_radii=\u00bbon|7px|7px|7px|7px\u00bb global_colors_info=\u00bb{}\u00bb theme_builder_area=\u00bbpost_content\u00bb]<\/p>\n<p>Gu\u00eda local<\/p>\n<p>[\/et_pb_blurb][\/et_pb_column][\/et_pb_row][\/et_pb_section]<\/p>\n","protected":false},"excerpt":{"rendered":"<p>Lagos y paisaje de origen glaciar El lago Ercina compone con el Enol y el Bricial (en invierno) el conjunto de cubetas de origen glaciar que se conoce como \u00abLagos de Covadonga\u00bb. Fotograf\u00eda de F. Saura Gonzalo Barrena La geograf\u00eda de Los Picos de Europa es el resultado de una prolongada herencia. Comenz\u00f3 naciendo de [&hellip;]<\/p>\n","protected":false},"author":1,"featured_media":0,"parent":0,"menu_order":0,"comment_status":"closed","ping_status":"closed","template":"","meta":{"_et_pb_use_builder":"on","_et_pb_old_content":"","_et_gb_content_width":"","footnotes":""},"class_list":["post-458","page","type-page","status-publish","hentry"],"_links":{"self":[{"href":"https:\/\/alospicos.com\/index.php\/wp-json\/wp\/v2\/pages\/458","targetHints":{"allow":["GET"]}}],"collection":[{"href":"https:\/\/alospicos.com\/index.php\/wp-json\/wp\/v2\/pages"}],"about":[{"href":"https:\/\/alospicos.com\/index.php\/wp-json\/wp\/v2\/types\/page"}],"author":[{"embeddable":true,"href":"https:\/\/alospicos.com\/index.php\/wp-json\/wp\/v2\/users\/1"}],"replies":[{"embeddable":true,"href":"https:\/\/alospicos.com\/index.php\/wp-json\/wp\/v2\/comments?post=458"}],"version-history":[{"count":8,"href":"https:\/\/alospicos.com\/index.php\/wp-json\/wp\/v2\/pages\/458\/revisions"}],"predecessor-version":[{"id":1925,"href":"https:\/\/alospicos.com\/index.php\/wp-json\/wp\/v2\/pages\/458\/revisions\/1925"}],"wp:attachment":[{"href":"https:\/\/alospicos.com\/index.php\/wp-json\/wp\/v2\/media?parent=458"}],"curies":[{"name":"wp","href":"https:\/\/api.w.org\/{rel}","templated":true}]}}