{"id":514,"date":"2017-06-01T10:28:30","date_gmt":"2017-06-01T10:28:30","guid":{"rendered":"http:\/\/alospicos.com\/thepicos\/?page_id=514"},"modified":"2023-07-25T16:43:33","modified_gmt":"2023-07-25T16:43:33","slug":"a-bulnes-en-funicular","status":"publish","type":"page","link":"https:\/\/alospicos.com\/index.php\/a-bulnes-en-funicular\/","title":{"rendered":"A Bulnes en funicular"},"content":{"rendered":"<p>[et_pb_section fb_built=\u00bb1&#8243; admin_label=\u00bbsection\u00bb _builder_version=\u00bb4.16&#8243; background_color=\u00bb#000000&#8243; custom_padding=\u00bb54px|14px|54px|0px\u00bb global_colors_info=\u00bb{}\u00bb][et_pb_row admin_label=\u00bbFila\u00bb _builder_version=\u00bb4.16&#8243; background_size=\u00bbinitial\u00bb background_position=\u00bbtop_left\u00bb background_repeat=\u00bbrepeat\u00bb global_colors_info=\u00bb{}\u00bb][et_pb_column type=\u00bb4_4&#8243; _builder_version=\u00bb4.16&#8243; custom_padding=\u00bb|||\u00bb global_colors_info=\u00bb{}\u00bb custom_padding__hover=\u00bb|||\u00bb][et_pb_blurb title=\u00bbPueblo de Bulnes, Cabrales\u00bb image_icon_width=\u00bbnone\u00bb admin_label=\u00bbAnuncio\u00bb _builder_version=\u00bb4.16&#8243; header_font=\u00bb|on|||\u00bb header_font_size=\u00bb40px\u00bb background_size=\u00bbinitial\u00bb background_position=\u00bbtop_left\u00bb background_repeat=\u00bbrepeat\u00bb text_orientation=\u00bbcenter\u00bb background_layout=\u00bbdark\u00bb image_max_width=\u00bbnone\u00bb global_colors_info=\u00bb{}\u00bb]Acceso a trav\u00e9s de un sendero o en funicular (por el interior de la roca)<br \/>\n[\/et_pb_blurb][\/et_pb_column][\/et_pb_row][et_pb_row admin_label=\u00bbFila\u00bb _builder_version=\u00bb4.16&#8243; background_size=\u00bbinitial\u00bb background_position=\u00bbtop_left\u00bb background_repeat=\u00bbrepeat\u00bb global_colors_info=\u00bb{}\u00bb column_structure=\u00bb1_2,1_2&#8243;][et_pb_column type=\u00bb1_2&#8243; _builder_version=\u00bb4.16&#8243; custom_padding=\u00bb|||\u00bb global_colors_info=\u00bb{}\u00bb custom_padding__hover=\u00bb|||\u00bb][et_pb_image src=\u00bbhttp:\/\/alospicos.com\/wp-content\/uploads\/2017\/06\/Bulnes-El-Castillo-1.jpg\u00bb align_tablet=\u00bbcenter\u00bb align_last_edited=\u00bbon|desktop\u00bb admin_label=\u00bbImagen\u00bb _builder_version=\u00bb4.16&#8243; border_style=\u00bbsolid\u00bb animation=\u00bboff\u00bb sticky=\u00bboff\u00bb always_center_on_mobile=\u00bbon\u00bb global_colors_info=\u00bb{}\u00bb align_phone=\u00bbcenter\u00bb][\/et_pb_image][et_pb_text admin_label=\u00bbTexto\u00bb _builder_version=\u00bb4.16&#8243; background_size=\u00bbinitial\u00bb background_position=\u00bbtop_left\u00bb background_repeat=\u00bbrepeat\u00bb background_layout=\u00bbdark\u00bb global_colors_info=\u00bb{}\u00bb]<\/p>\n<div id=\"id5\" class=\"style_SkipStroke_3 shape-with-text\">\n<div class=\"text-content graphic_textbox_layout_style_default_External_380_24\">\n<div class=\"graphic_textbox_layout_style_default\">\n<p class=\"paragraph_style_3\">Bulnes. Barrio de \u201cEl Castillo\u201d. Foto: Alicia Campillo<\/p>\n<\/div>\n<\/div>\n<\/div>\n<p>[\/et_pb_text][\/et_pb_column][et_pb_column type=\u00bb1_2&#8243; _builder_version=\u00bb4.16&#8243; custom_padding=\u00bb|||\u00bb global_colors_info=\u00bb{}\u00bb custom_padding__hover=\u00bb|||\u00bb][et_pb_image src=\u00bbhttp:\/\/alospicos.com\/wp-content\/uploads\/2017\/06\/Poncebos-Funicular-1.jpg\u00bb align_tablet=\u00bbcenter\u00bb align_last_edited=\u00bbon|desktop\u00bb admin_label=\u00bbImagen\u00bb _builder_version=\u00bb4.16&#8243; border_style=\u00bbsolid\u00bb animation=\u00bboff\u00bb sticky=\u00bboff\u00bb always_center_on_mobile=\u00bbon\u00bb global_colors_info=\u00bb{}\u00bb align_phone=\u00bbcenter\u00bb][\/et_pb_image][et_pb_text admin_label=\u00bbTexto\u00bb _builder_version=\u00bb4.16&#8243; text_orientation=\u00bbright\u00bb background_layout=\u00bbdark\u00bb global_colors_info=\u00bb{}\u00bb]<\/p>\n<p class=\"paragraph_style_4\">Entrada el funicular en Poncebos, Asturias.\u00a0Foto: Alicia Campillo<\/p>\n<p>[\/et_pb_text][\/et_pb_column][\/et_pb_row][et_pb_row admin_label=\u00bbrow\u00bb _builder_version=\u00bb4.16&#8243; background_size=\u00bbinitial\u00bb background_position=\u00bbtop_left\u00bb background_repeat=\u00bbrepeat\u00bb global_colors_info=\u00bb{}\u00bb column_structure=\u00bb1_2,1_2&#8243;][et_pb_column type=\u00bb1_2&#8243; _builder_version=\u00bb4.16&#8243; custom_padding=\u00bb|||\u00bb global_colors_info=\u00bb{}\u00bb custom_padding__hover=\u00bb|||\u00bb][et_pb_accordion admin_label=\u00bbAcorde\u00f3n\u00bb _builder_version=\u00bb4.16&#8243; border_style=\u00bbsolid\u00bb global_colors_info=\u00bb{}\u00bb][et_pb_accordion_item title=\u00bbBulnes\u00bb open=\u00bbon\u00bb _builder_version=\u00bb4.16&#8243; background_size=\u00bbinitial\u00bb background_position=\u00bbtop_left\u00bb background_repeat=\u00bbrepeat\u00bb global_colors_info=\u00bb{}\u00bb]EL PUEBLO<\/p>\n<p>A 650 m. de altitud, Bulnes, junto con Ca\u00edn, en Valde\u00f3n, es uno de los pueblos m\u00e1s adentrados en el macizo de Los Picos de Europa. Sin acceso rodado tampoco en la actualidad, cuenta desde 2001 con un funicular para llegar a \u00e9l.<\/p>\n<p><a href=\"http:\/\/movil.asturias.es\/portal\/site\/webasturias\/menuitem.4b280f8214549ead3e2d6f77f2300030\/?vgnextoid=641546400b17c310VgnVCM10000097030a0aRCRD&amp;vgnextchannel=c8c2d22a18b6e210VgnVCM1000002f030003RCRD&amp;i18n.http.lang=es\" target=\"_blank\" rel=\"noopener noreferrer\">FUNICULAR DE BULNES<\/a>. Horarios e informaci\u00f3n oficial sobre fechas y reservas.<\/p>\n<p>Continuado, hasta las 18 horas. Duraci\u00f3n del trayecto: 7 minutos a trav\u00e9s de un \u00fanico t\u00fanel. Precio: 22 \u20ac, ida\/vta. para un adulto.<\/p>\n<p><a href=\"http:\/\/www.refugiodeurriellu.com\" target=\"_blank\" rel=\"noopener noreferrer\">REFUGIO DE URIIELLU<\/a><\/p>\n<p>Situado a tres horas, a pie, desde La Terenosa, el \u00faltimo punto de acceso rodado desde Sotres, Asturias. Tel\u00e9fonos del Refugio: (+34) 984 090 981.\u00a0M\u00f3vil 1: (+34) 638 278 041.\u00a0M\u00f3vil 2: (+34) 650 780 381<br \/>\n[\/et_pb_accordion_item][et_pb_accordion_item title=\u00bbEl antiguo camino\u00bb _builder_version=\u00bb4.16&#8243; background_size=\u00bbinitial\u00bb background_position=\u00bbtop_left\u00bb background_repeat=\u00bbrepeat\u00bb global_colors_info=\u00bb{}\u00bb open=\u00bboff\u00bb]Antes de la existencia del funicular, a Bulnes se acced\u00eda exclusivamente por la canal del Tejo, una senda tallada en la roca en muchos tramos que, despu\u00e9s de una hora y cuarto, depositaba en las llanas de la aldea a los caminadores. Los hitos en el recorrido se recuerdan aqu\u00ed.<\/p>\n<p>&nbsp;<\/p>\n<p>\u2022 Puente La Jaya<\/p>\n<p>\u2022 La Puente\u00b4l Zardu<\/p>\n<p>\u2022 El Cuetu Codilla<\/p>\n<p>\u2022 La Posa Las Fuentes<\/p>\n<p>\u2022 El Par\u00e9 Qui\u00f1ones<\/p>\n<p>\u2022 El Pardu Las Robles<\/p>\n<p>\u2022 La calzada\u2019l Pontigu<\/p>\n<p>\u2022 Martima\u00f1i<\/p>\n<p>\u2022 El Posaderu<\/p>\n<p>\u2022 La Riega\u2019l Texu<\/p>\n<p>\u2022 Las Cruces<\/p>\n<p>\u2022 El Becerral<\/p>\n<p>\u2022 El Seu Lisar<\/p>\n<p>\u2022 Colines de Abajo<\/p>\n<p>\u2022 Colines de Arriba<\/p>\n<p>&nbsp;<\/p>\n<p>Fuente: Tania Garc\u00eda Mier<br \/>\n[\/et_pb_accordion_item][et_pb_accordion_item title=\u00bbFunicular, Informaci\u00f3n\u00bb _builder_version=\u00bb4.16&#8243; global_colors_info=\u00bb{}\u00bb open=\u00bboff\u00bb]<strong>Temporada\u00a0alta en 2017<\/strong><\/p>\n<p>Del 18 al 20 de marzo<br \/>\nDel 7 al 19 de abril<br \/>\nDel 29\u00a0de abril al 2 de mayo<br \/>\nDel 1 de junio al 24 de septiembre<br \/>\nDel 12 al 15\u00a0de octubre<br \/>\n1 y 11 de noviembre<br \/>\nDel 2 al 10 de diciembre<br \/>\n<strong>Horarios en temporada alta: de 10 a 20 horas.<\/strong><\/p>\n<p><strong>Temporada\u00a0baja en 2017:<span style=\"font-size: 14px;\">\u00a0resto del a\u00f1o<\/span><\/strong><\/p>\n<p><strong>Horarios en temporada baja<\/strong>: desde las 10:00 hasta las 12:30\u00a0y desde las 14:00 hasta 18:00 horas.<\/p>\n<p><strong>Frecuencia<\/strong><\/p>\n<p>Cada 30 minutos. De lunes a viernes laborables se realiza un viaje a las 8:30 horas.<\/p>\n<p><strong>Precios<\/strong><br \/>\nBillete normal una direcci\u00f3n: 17,61\u00a0euros<br \/>\nBillete normal ida y vuelta: 22,16\u00a0euros<br \/>\nBillete ni\u00f1os (4 a 12 a\u00f1os) una direcci\u00f3n: 4,32\u00a0euros<br \/>\nBillete ni\u00f1os (4 a 12 a\u00f1os) ida y vuelta: 6,71\u00a0euros<br \/>\nVecinos de Bulnes (Tarjeta residentes): gratuito<br \/>\nInformaci\u00f3n del Funicular del Bulnes:<br \/>\nRecorrido: 2.227 metros<br \/>\nDiferencia de altitud: 402 metros<br \/>\nPendiente: 18,19%<br \/>\nVelocidad: 6m\/s<br \/>\nDuraci\u00f3n aproximada: 7 minutos<br \/>\nCapacidad m\u00e1xima por vag\u00f3n: 28 pasajeros (sentados)<\/p>\n<p><a href=\"http:\/\/movil.asturias.es\/portal\/site\/webasturias\/menuitem.4b280f8214549ead3e2d6f77f2300030\/?vgnextoid=641546400b17c310VgnVCM10000097030a0aRCRD&amp;vgnextchannel=c8c2d22a18b6e210VgnVCM1000002f030003RCRD&amp;i18n.http.lang=es\" target=\"_blank\" rel=\"noopener noreferrer\">INFORMACI\u00d3N OFICIAL DEL PRINCIPADO<\/a><br \/>\n[\/et_pb_accordion_item][\/et_pb_accordion][et_pb_code admin_label=\u00bbC\u00f3digo mapa\u00bb _builder_version=\u00bb4.16&#8243; global_colors_info=\u00bb{}\u00bb]<iframe loading=\"lazy\" src=\"https:\/\/www.google.com\/maps\/embed?pb=!1m18!1m12!1m3!1d2906.7696894887404!2d-4.821412934515768!3d43.23528817913783!2m3!1f0!2f0!3f0!3m2!1i1024!2i768!4f13.1!3m3!1m2!1s0xd49c5fbe3b8ab99%3A0x290ed24f0452b957!2s33554+Bulnes%2C+Asturias%2C+Espa%C3%B1a!5e0!3m2!1ses!2sus!4v1496327370080\" width=\"600\" height=\"450\" frameborder=\"0\" style=\"border:0\" allowfullscreen><\/iframe>[\/et_pb_code][\/et_pb_column][et_pb_column type=\u00bb1_2&#8243; _builder_version=\u00bb4.16&#8243; custom_padding=\u00bb|||\u00bb global_colors_info=\u00bb{}\u00bb custom_padding__hover=\u00bb|||\u00bb][et_pb_image src=\u00bbhttp:\/\/alospicos.com\/wp-content\/uploads\/2017\/06\/Lueje-Cares-2-1.jpg\u00bb align=\u00bbcenter\u00bb align_tablet=\u00bbcenter\u00bb align_last_edited=\u00bbon|desktop\u00bb admin_label=\u00bbImagen\u00bb _builder_version=\u00bb4.16&#8243; border_style=\u00bbsolid\u00bb animation=\u00bboff\u00bb sticky=\u00bboff\u00bb always_center_on_mobile=\u00bbon\u00bb global_colors_info=\u00bb{}\u00bb align_phone=\u00bbcenter\u00bb][\/et_pb_image][et_pb_text admin_label=\u00bbTexto\u00bb _builder_version=\u00bb4.16&#8243; background_size=\u00bbinitial\u00bb background_position=\u00bbtop_left\u00bb background_repeat=\u00bbrepeat\u00bb background_layout=\u00bbdark\u00bb global_colors_info=\u00bb{}\u00bb]<\/p>\n<p style=\"text-align: right;\">Puente \u201cLa Jaya\u201d, Poncebos, en el comienzo del camino tradicional a Bulnes. Fotograf\u00eda de J.R. Lueje<\/p>\n<p>[\/et_pb_text][et_pb_gallery gallery_ids=\u00bb796,795,794,793,792,788&#8243; fullwidth=\u00bbon\u00bb admin_label=\u00bbGaler\u00eda\u00bb _builder_version=\u00bb4.16&#8243; border_style=\u00bbsolid\u00bb global_colors_info=\u00bb{}\u00bb][\/et_pb_gallery][et_pb_text admin_label=\u00bbTexto\u00bb _builder_version=\u00bb4.16&#8243; background_size=\u00bbinitial\u00bb background_position=\u00bbtop_left\u00bb background_repeat=\u00bbrepeat\u00bb background_layout=\u00bbdark\u00bb global_colors_info=\u00bb{}\u00bb]<\/p>\n<p style=\"text-align: right;\">Galer\u00eda de im\u00e1genes del pueblo de Bulnes<\/p>\n<p>[\/et_pb_text][\/et_pb_column][\/et_pb_row][et_pb_row admin_label=\u00bbrow\u00bb _builder_version=\u00bb4.16&#8243; global_colors_info=\u00bb{}\u00bb column_structure=\u00bb1_2,1_2&#8243;][et_pb_column type=\u00bb1_2&#8243; _builder_version=\u00bb4.16&#8243; custom_padding=\u00bb|||\u00bb global_colors_info=\u00bb{}\u00bb custom_padding__hover=\u00bb|||\u00bb][et_pb_button button_url=\u00bbhttps:\/\/www.alsa.es\/nuestros-destinos\/regionales\/asturias\/funicular-de-bulnes\u00bb url_new_window=\u00bbon\u00bb button_text=\u00bbFunicular\u00bb button_alignment=\u00bbcenter\u00bb admin_label=\u00bbBot\u00f3n\u00bb _builder_version=\u00bb4.16&#8243; global_colors_info=\u00bb{}\u00bb button_text_size__hover_enabled=\u00bboff\u00bb button_one_text_size__hover_enabled=\u00bboff\u00bb button_two_text_size__hover_enabled=\u00bboff\u00bb button_text_color__hover_enabled=\u00bboff\u00bb button_one_text_color__hover_enabled=\u00bboff\u00bb button_two_text_color__hover_enabled=\u00bboff\u00bb button_border_width__hover_enabled=\u00bboff\u00bb button_one_border_width__hover_enabled=\u00bboff\u00bb button_two_border_width__hover_enabled=\u00bboff\u00bb button_border_color__hover_enabled=\u00bboff\u00bb button_one_border_color__hover_enabled=\u00bboff\u00bb button_two_border_color__hover_enabled=\u00bboff\u00bb button_border_radius__hover_enabled=\u00bboff\u00bb button_one_border_radius__hover_enabled=\u00bboff\u00bb button_two_border_radius__hover_enabled=\u00bboff\u00bb button_letter_spacing__hover_enabled=\u00bboff\u00bb button_one_letter_spacing__hover_enabled=\u00bboff\u00bb button_two_letter_spacing__hover_enabled=\u00bboff\u00bb button_bg_color__hover_enabled=\u00bboff\u00bb button_one_bg_color__hover_enabled=\u00bboff\u00bb button_two_bg_color__hover_enabled=\u00bboff\u00bb][\/et_pb_button][\/et_pb_column][et_pb_column type=\u00bb1_2&#8243; _builder_version=\u00bb4.16&#8243; custom_padding=\u00bb|||\u00bb global_colors_info=\u00bb{}\u00bb custom_padding__hover=\u00bb|||\u00bb][et_pb_button button_text=\u00bbInicio\u00bb button_alignment=\u00bbcenter\u00bb admin_label=\u00bbInicio\u00bb _builder_version=\u00bb4.16&#8243; custom_button=\u00bbon\u00bb button_text_color=\u00bb#e02b20&#8243; background_layout=\u00bbdark\u00bb global_colors_info=\u00bb{}\u00bb button_text_size__hover_enabled=\u00bboff\u00bb button_one_text_size__hover_enabled=\u00bboff\u00bb button_two_text_size__hover_enabled=\u00bboff\u00bb button_text_color__hover_enabled=\u00bboff\u00bb button_one_text_color__hover_enabled=\u00bboff\u00bb button_two_text_color__hover_enabled=\u00bboff\u00bb button_border_width__hover_enabled=\u00bboff\u00bb button_one_border_width__hover_enabled=\u00bboff\u00bb button_two_border_width__hover_enabled=\u00bboff\u00bb button_border_color__hover_enabled=\u00bboff\u00bb button_one_border_color__hover_enabled=\u00bboff\u00bb button_two_border_color__hover_enabled=\u00bboff\u00bb button_border_radius__hover_enabled=\u00bboff\u00bb button_one_border_radius__hover_enabled=\u00bboff\u00bb button_two_border_radius__hover_enabled=\u00bboff\u00bb button_letter_spacing__hover_enabled=\u00bboff\u00bb button_one_letter_spacing__hover_enabled=\u00bboff\u00bb button_two_letter_spacing__hover_enabled=\u00bboff\u00bb button_bg_color__hover_enabled=\u00bboff\u00bb button_one_bg_color__hover_enabled=\u00bboff\u00bb button_two_bg_color__hover_enabled=\u00bboff\u00bb][\/et_pb_button][\/et_pb_column][\/et_pb_row][\/et_pb_section]<\/p>\n","protected":false},"excerpt":{"rendered":"<p>Acceso a trav\u00e9s de un sendero o en funicular (por el interior de la roca) Bulnes. Barrio de \u201cEl Castillo\u201d. Foto: Alicia Campillo Entrada el funicular en Poncebos, Asturias.\u00a0Foto: Alicia Campillo EL PUEBLO A 650 m. de altitud, Bulnes, junto con Ca\u00edn, en Valde\u00f3n, es uno de los pueblos m\u00e1s adentrados en el macizo de [&hellip;]<\/p>\n","protected":false},"author":1,"featured_media":0,"parent":0,"menu_order":0,"comment_status":"closed","ping_status":"closed","template":"","meta":{"_et_pb_use_builder":"on","_et_pb_old_content":"","_et_gb_content_width":"","footnotes":""},"class_list":["post-514","page","type-page","status-publish","hentry"],"_links":{"self":[{"href":"https:\/\/alospicos.com\/index.php\/wp-json\/wp\/v2\/pages\/514","targetHints":{"allow":["GET"]}}],"collection":[{"href":"https:\/\/alospicos.com\/index.php\/wp-json\/wp\/v2\/pages"}],"about":[{"href":"https:\/\/alospicos.com\/index.php\/wp-json\/wp\/v2\/types\/page"}],"author":[{"embeddable":true,"href":"https:\/\/alospicos.com\/index.php\/wp-json\/wp\/v2\/users\/1"}],"replies":[{"embeddable":true,"href":"https:\/\/alospicos.com\/index.php\/wp-json\/wp\/v2\/comments?post=514"}],"version-history":[{"count":3,"href":"https:\/\/alospicos.com\/index.php\/wp-json\/wp\/v2\/pages\/514\/revisions"}],"predecessor-version":[{"id":1913,"href":"https:\/\/alospicos.com\/index.php\/wp-json\/wp\/v2\/pages\/514\/revisions\/1913"}],"wp:attachment":[{"href":"https:\/\/alospicos.com\/index.php\/wp-json\/wp\/v2\/media?parent=514"}],"curies":[{"name":"wp","href":"https:\/\/api.w.org\/{rel}","templated":true}]}}