{"id":672,"date":"2017-06-07T11:51:20","date_gmt":"2017-06-07T11:51:20","guid":{"rendered":"http:\/\/alospicos.com\/thepicos\/?page_id=672"},"modified":"2023-10-24T08:08:20","modified_gmt":"2023-10-24T08:08:20","slug":"senderos-y-rutas-por-los-picos","status":"publish","type":"page","link":"https:\/\/alospicos.com\/index.php\/senderos-y-rutas-por-los-picos\/","title":{"rendered":"Senderos y rutas por Los Picos"},"content":{"rendered":"<p>[et_pb_section fb_built=\u00bb1&#8243; fullwidth=\u00bbon\u00bb _builder_version=\u00bb4.16&#8243; background_color=\u00bb#013220&#8243; global_colors_info=\u00bb{}\u00bb][et_pb_fullwidth_header title=\u00bbRutas y senderos por Los Picos de Europa\u00bb subhead=\u00bbRutas de dificultad media o baja por el interior del macizo o su periferia\u00bb content_max_width=\u00bbnone\u00bb _builder_version=\u00bb4.16&#8243; background_color=\u00bbrgba(255, 255, 255, 0)\u00bb background_size=\u00bbinitial\u00bb background_position=\u00bbtop_left\u00bb background_repeat=\u00bbrepeat\u00bb button_one_letter_spacing_hover=\u00bb0&#8243; button_two_letter_spacing_hover=\u00bb0&#8243; global_colors_info=\u00bb{}\u00bb button_one_text_size__hover_enabled=\u00bboff\u00bb button_two_text_size__hover_enabled=\u00bboff\u00bb button_one_text_color__hover_enabled=\u00bboff\u00bb button_two_text_color__hover_enabled=\u00bboff\u00bb button_one_border_width__hover_enabled=\u00bboff\u00bb button_two_border_width__hover_enabled=\u00bboff\u00bb button_one_border_color__hover_enabled=\u00bboff\u00bb button_two_border_color__hover_enabled=\u00bboff\u00bb button_one_border_radius__hover_enabled=\u00bboff\u00bb button_two_border_radius__hover_enabled=\u00bboff\u00bb button_one_letter_spacing__hover_enabled=\u00bbon\u00bb button_one_letter_spacing__hover=\u00bb0&#8243; button_two_letter_spacing__hover_enabled=\u00bbon\u00bb button_two_letter_spacing__hover=\u00bb0&#8243; button_one_bg_color__hover_enabled=\u00bboff\u00bb button_two_bg_color__hover_enabled=\u00bboff\u00bb][\/et_pb_fullwidth_header][\/et_pb_section][et_pb_section fb_built=\u00bb1&#8243; admin_label=\u00bbsection\u00bb _builder_version=\u00bb4.16&#8243; global_colors_info=\u00bb{}\u00bb][et_pb_row admin_label=\u00bbrow\u00bb _builder_version=\u00bb4.16&#8243; background_size=\u00bbinitial\u00bb background_position=\u00bbtop_left\u00bb background_repeat=\u00bbrepeat\u00bb global_colors_info=\u00bb{}\u00bb][et_pb_column type=\u00bb4_4&#8243; _builder_version=\u00bb4.16&#8243; custom_padding=\u00bb|||\u00bb global_colors_info=\u00bb{}\u00bb custom_padding__hover=\u00bb|||\u00bb][et_pb_text _builder_version=\u00bb4.16&#8243; background_size=\u00bbinitial\u00bb background_position=\u00bbtop_left\u00bb background_repeat=\u00bbrepeat\u00bb global_colors_info=\u00bb{}\u00bb]<\/p>\n<ol>\n<li><a href=\"https:\/\/alospicos.com\/index.php\/ruta-del-cares\/\" target=\"_blank\" rel=\"noopener noreferrer\">Senda del Cares, de Ca\u00edn (Valde\u00f3n\/Le\u00f3n) a Poncebos (Cabrales\/Asturias)<\/a><\/li>\n<li><a href=\"https:\/\/alospicos.com\/index.php\/project\/urriellu\/\" target=\"_blank\" rel=\"noopener noreferrer\">Al refugio de Urriellu (Naranjo de Bulnes) desde Pand\u00e9bano (Sotres, Asturias)<\/a><\/li>\n<li>Senda del Arcediano: de Soto de Sajambre (Le\u00f3n) a Amieva (Asturias)<\/li>\n<li>A Vegaba\u00f1o desde Soto de Sajambre (Le\u00f3n)<\/li>\n<li>Senda del Cartero: de Vidosa a Casielles por Deg\u00fcera, en Los Beyos de Ponga (Asturias)<\/li>\n<li>A la vega de Ario desde Los Lagos de Covadonga (Cangas de On\u00eds-Puerto de On\u00eds)<\/li>\n<li><a href=\"https:\/\/alospicos.com\/index.php\/project\/el-redondal\/\" target=\"_blank\" rel=\"noopener noreferrer\">De Sotres-Tresviso a la majada rupestre de El Redondal (Tresviso, Cantabria)<\/a><\/li>\n<li>De \u00c1liva a Sotres (Asturias-Cantabria)<\/li>\n<li><a href=\"https:\/\/alospicos.com\/index.php\/project\/orandi\/\" target=\"_blank\" rel=\"noopener noreferrer\">A la vega de Orandi desde Covadonga (Asturias)<\/a><\/li>\n<li>Por el Valle de Ang\u00f3n a La Jocica (Amieva, Asturias)<\/li>\n<li><a href=\"https:\/\/alospicos.com\/index.php\/project\/pelono\/\" target=\"_blank\" rel=\"noopener noreferrer\">Bosque de Pelo\u00f1o, desde Les Bedules hacia Granceno y Arcenorio (Ponga, Asturias)<\/a><\/li>\n<li><a href=\"http:\/\/ventaniella.com\/\" target=\"_blank\" rel=\"noopener noreferrer\">De Sobrefoz a la Caser\u00eda de Ventaniella (Ponga, Asturias)<\/a><\/li>\n<li><a href=\"https:\/\/alospicos.com\/index.php\/project\/rio-puron-en-llanes\/\" target=\"_blank\" rel=\"noopener noreferrer\">Un paseo por el r\u00edo Pur\u00f3n (Llanes)<\/a><\/li>\n<li><a href=\"https:\/\/alospicos.com\/index.php\/project\/hoya-del-dobra\/\" target=\"_blank\" rel=\"noopener noreferrer\">A La Hoya del Dobra o de San Vicente (Cangas de On\u00eds-Amieva)<\/a><\/li>\n<li><a href=\"http:\/\/parquenacionalpicoseuropa.es\/el-parque\/visitas\/visitas-guiadas\/\" target=\"_blank\" rel=\"noopener noreferrer\">Itinerarios y rutas se\u00f1alizadas por el Parque Nacional (Conjunto de Los Picos de Europa)<\/a><\/li>\n<\/ol>\n<p>[\/et_pb_text][\/et_pb_column][\/et_pb_row][et_pb_row _builder_version=\u00bb4.23&#8243; _module_preset=\u00bbdefault\u00bb column_structure=\u00bb1_3,1_3,1_3&#8243;][et_pb_column _builder_version=\u00bb4.23&#8243; _module_preset=\u00bbdefault\u00bb type=\u00bb1_3&#8243;][\/et_pb_column][et_pb_column _builder_version=\u00bb4.23&#8243; _module_preset=\u00bbdefault\u00bb type=\u00bb1_3&#8243;][et_pb_blurb title=\u00bbASTURIAS VERTICAL\u00bb url=\u00bbhttps:\/\/asturiasvertical.com\u00bb url_new_window=\u00bbon\u00bb image=\u00bbhttps:\/\/alospicos.com\/wp-content\/uploads\/2023\/10\/Logotipo-Asturias-Vertical.png\u00bb icon_placement=\u00bbleft\u00bb _builder_version=\u00bb4.23&#8243; _module_preset=\u00bbdefault\u00bb background_color=\u00bb#0C71C3&#8243; background_layout=\u00bbdark\u00bb custom_padding=\u00bb10px||10px||true|false\u00bb link_option_url=\u00bbhttps:\/\/asturiasvertical.com\u00bb link_option_url_new_window=\u00bbon\u00bb border_radii=\u00bbon|7px|7px|7px|7px\u00bb global_colors_info=\u00bb{}\u00bb theme_builder_area=\u00bbpost_content\u00bb]<\/p>\n<p>Gu\u00eda local<\/p>\n<p>[\/et_pb_blurb][\/et_pb_column][et_pb_column _builder_version=\u00bb4.23&#8243; _module_preset=\u00bbdefault\u00bb type=\u00bb1_3&#8243;][\/et_pb_column][\/et_pb_row][\/et_pb_section]<\/p>\n","protected":false},"excerpt":{"rendered":"<p>Senda del Cares, de Ca\u00edn (Valde\u00f3n\/Le\u00f3n) a Poncebos (Cabrales\/Asturias) Al refugio de Urriellu (Naranjo de Bulnes) desde Pand\u00e9bano (Sotres, Asturias) Senda del Arcediano: de Soto de Sajambre (Le\u00f3n) a Amieva (Asturias) A Vegaba\u00f1o desde Soto de Sajambre (Le\u00f3n) Senda del Cartero: de Vidosa a Casielles por Deg\u00fcera, en Los Beyos de Ponga (Asturias) A la [&hellip;]<\/p>\n","protected":false},"author":1,"featured_media":0,"parent":0,"menu_order":0,"comment_status":"closed","ping_status":"closed","template":"","meta":{"_et_pb_use_builder":"on","_et_pb_old_content":"<ol><li>Senda del Cares, de Ca\u00edn (Valde\u00f3n\/Le\u00f3n) a Poncebos (Cabrales\/Asturias)<\/li><li>Al refugio de Urriellu (Naranjo de Bulnes) desde Pand\u00e9bano (Sotres, Asturias)<\/li><li>Senda del Arcediano: de Soto de Sajambre (Le\u00f3n) a Amieva (Asturias)<\/li><li>A Vegaba\u00f1o desde Soto de Sajambre (Le\u00f3n)<\/li><li>Senda del Cartero: de Vidosa a Casielles por Deg\u00fcera, en Los Beyos de Ponga (Asturias)<\/li><li>A la vega de Ario desde Los Lagos de Covadonga (Cangas de On\u00eds-Puerto de On\u00eds)<\/li><li>De Sotres-Tresviso a la majada rupestre de El Redondal (Tresviso, Cantabria)<\/li><li>De \u00c1liva a Sotres (Asturias-Cantabria)<\/li><li>A la vega de Orandi desde Covadonga (Asturias)<\/li><li>Por el Valle de Ang\u00f3n a La Jocica (Amieva, Asturias)<\/li><li>Bosque de Pelo\u00f1o, desde Les Bedules hacia Granceno y Arcenorio (Ponga, Asturias)<\/li><li>Itinerarios y rutas se\u00f1alizadas por el Parque Nacional (Conjunto de Los Picos de Europa)<\/li><\/ol>","_et_gb_content_width":"","footnotes":""},"class_list":["post-672","page","type-page","status-publish","hentry"],"_links":{"self":[{"href":"https:\/\/alospicos.com\/index.php\/wp-json\/wp\/v2\/pages\/672","targetHints":{"allow":["GET"]}}],"collection":[{"href":"https:\/\/alospicos.com\/index.php\/wp-json\/wp\/v2\/pages"}],"about":[{"href":"https:\/\/alospicos.com\/index.php\/wp-json\/wp\/v2\/types\/page"}],"author":[{"embeddable":true,"href":"https:\/\/alospicos.com\/index.php\/wp-json\/wp\/v2\/users\/1"}],"replies":[{"embeddable":true,"href":"https:\/\/alospicos.com\/index.php\/wp-json\/wp\/v2\/comments?post=672"}],"version-history":[{"count":11,"href":"https:\/\/alospicos.com\/index.php\/wp-json\/wp\/v2\/pages\/672\/revisions"}],"predecessor-version":[{"id":1926,"href":"https:\/\/alospicos.com\/index.php\/wp-json\/wp\/v2\/pages\/672\/revisions\/1926"}],"wp:attachment":[{"href":"https:\/\/alospicos.com\/index.php\/wp-json\/wp\/v2\/media?parent=672"}],"curies":[{"name":"wp","href":"https:\/\/api.w.org\/{rel}","templated":true}]}}

<p>[et_pb_section fb_built=»1&#8243; fullwidth=»on» _builder_version=»4.16&#8243; background_color=»#013220&#8243; global_colors_info=»{}»][et_pb_fullwidth_header title=»Rutas y senderos por Los Picos de Europa» subhead=»Rutas de dificultad media o baja por el interior del macizo o su periferia» content_max_width=»none» _builder_version=»4.16&#8243; background_color=»rgba(255, 255, 255, 0)» background_size=»initial» background_position=»top_left» background_repeat=»repeat» button_one_letter_spacing_hover=»0&#8243; button_two_letter_spacing_hover=»0&#8243; global_colors_info=»{}» button_one_text_size__hover_enabled=»off» button_two_text_size__hover_enabled=»off» button_one_text_color__hover_enabled=»off» button_two_text_color__hover_enabled=»off» button_one_border_width__hover_enabled=»off» button_two_border_width__hover_enabled=»off» button_one_border_color__hover_enabled=»off» button_two_border_color__hover_enabled=»off» button_one_border_radius__hover_enabled=»off» button_two_border_radius__hover_enabled=»off» button_one_letter_spacing__hover_enabled=»on» button_one_letter_spacing__hover=»0&#8243; button_two_letter_spacing__hover_enabled=»on» button_two_letter_spacing__hover=»0&#8243; button_one_bg_color__hover_enabled=»off» button_two_bg_color__hover_enabled=»off»][/et_pb_fullwidth_header][/et_pb_section][et_pb_section fb_built=»1&#8243; admin_label=»section» _builder_version=»4.16&#8243; global_colors_info=»{}»][et_pb_row admin_label=»row» _builder_version=»4.16&#8243; background_size=»initial» background_position=»top_left» background_repeat=»repeat» global_colors_info=»{}»][et_pb_column type=»4_4&#8243; _builder_version=»4.16&#8243; custom_padding=»|||» global_colors_info=»{}» custom_padding__hover=»|||»][et_pb_text _builder_version=»4.16&#8243; background_size=»initial» background_position=»top_left» background_repeat=»repeat» global_colors_info=»{}»]</p>
<ol>
<li><a href="https://alospicos.com/index.php/ruta-del-cares/" target="_blank" rel="noopener noreferrer">Senda del Cares, de Caín (Valdeón/León) a Poncebos (Cabrales/Asturias)</a></li>
<li><a href="https://alospicos.com/index.php/project/urriellu/" target="_blank" rel="noopener noreferrer">Al refugio de Urriellu (Naranjo de Bulnes) desde Pandébano (Sotres, Asturias)</a></li>
<li>Senda del Arcediano: de Soto de Sajambre (León) a Amieva (Asturias)</li>
<li>A Vegabaño desde Soto de Sajambre (León)</li>
<li>Senda del Cartero: de Vidosa a Casielles por Degüera, en Los Beyos de Ponga (Asturias)</li>
<li>A la vega de Ario desde Los Lagos de Covadonga (Cangas de Onís-Puerto de Onís)</li>
<li><a href="https://alospicos.com/index.php/project/el-redondal/" target="_blank" rel="noopener noreferrer">De Sotres-Tresviso a la majada rupestre de El Redondal (Tresviso, Cantabria)</a></li>
<li>De Áliva a Sotres (Asturias-Cantabria)</li>
<li><a href="https://alospicos.com/index.php/project/orandi/" target="_blank" rel="noopener noreferrer">A la vega de Orandi desde Covadonga (Asturias)</a></li>
<li>Por el Valle de Angón a La Jocica (Amieva, Asturias)</li>
<li><a href="https://alospicos.com/index.php/project/pelono/" target="_blank" rel="noopener noreferrer">Bosque de Peloño, desde Les Bedules hacia Granceno y Arcenorio (Ponga, Asturias)</a></li>
<li><a href="http://ventaniella.com/" target="_blank" rel="noopener noreferrer">De Sobrefoz a la Casería de Ventaniella (Ponga, Asturias)</a></li>
<li><a href="https://alospicos.com/index.php/project/rio-puron-en-llanes/" target="_blank" rel="noopener noreferrer">Un paseo por el río Purón (Llanes)</a></li>
<li><a href="https://alospicos.com/index.php/project/hoya-del-dobra/" target="_blank" rel="noopener noreferrer">A La Hoya del Dobra o de San Vicente (Cangas de Onís-Amieva)</a></li>
<li><a href="http://parquenacionalpicoseuropa.es/el-parque/visitas/visitas-guiadas/" target="_blank" rel="noopener noreferrer">Itinerarios y rutas señalizadas por el Parque Nacional (Conjunto de Los Picos de Europa)</a></li>
</ol>
<p>[/et_pb_text][/et_pb_column][/et_pb_row][et_pb_row _builder_version=»4.23&#8243; _module_preset=»default» column_structure=»1_3,1_3,1_3&#8243;][et_pb_column _builder_version=»4.23&#8243; _module_preset=»default» type=»1_3&#8243;][/et_pb_column][et_pb_column _builder_version=»4.23&#8243; _module_preset=»default» type=»1_3&#8243;][et_pb_blurb title=»ASTURIAS VERTICAL» url=»https://asturiasvertical.com» url_new_window=»on» image=»https://alospicos.com/wp-content/uploads/2023/10/Logotipo-Asturias-Vertical.png» icon_placement=»left» _builder_version=»4.23&#8243; _module_preset=»default» background_color=»#0C71C3&#8243; background_layout=»dark» custom_padding=»10px||10px||true|false» link_option_url=»https://asturiasvertical.com» link_option_url_new_window=»on» border_radii=»on|7px|7px|7px|7px» global_colors_info=»{}» theme_builder_area=»post_content»]</p>
<p>Guía local</p>
<p>[/et_pb_blurb][/et_pb_column][et_pb_column _builder_version=»4.23&#8243; _module_preset=»default» type=»1_3&#8243;][/et_pb_column][/et_pb_row][/et_pb_section]</p>

<p>Senda del Cares, de Caín (Valdeón/León) a Poncebos (Cabrales/Asturias) Al refugio de Urriellu (Naranjo de Bulnes) desde Pandébano (Sotres, Asturias) Senda del Arcediano: de Soto de Sajambre (León) a Amieva (Asturias) A Vegabaño desde Soto de Sajambre (León) Senda del Cartero: de Vidosa a Casielles por Degüera, en Los Beyos de Ponga (Asturias) A la [&hellip;]</p>

<ol><li>Senda del Cares, de Caín (Valdeón/León) a Poncebos (Cabrales/Asturias)</li><li>Al refugio de Urriellu (Naranjo de Bulnes) desde Pandébano (Sotres, Asturias)</li><li>Senda del Arcediano: de Soto de Sajambre (León) a Amieva (Asturias)</li><li>A Vegabaño desde Soto de Sajambre (León)</li><li>Senda del Cartero: de Vidosa a Casielles por Degüera, en Los Beyos de Ponga (Asturias)</li><li>A la vega de Ario desde Los Lagos de Covadonga (Cangas de Onís-Puerto de Onís)</li><li>De Sotres-Tresviso a la majada rupestre de El Redondal (Tresviso, Cantabria)</li><li>De Áliva a Sotres (Asturias-Cantabria)</li><li>A la vega de Orandi desde Covadonga (Asturias)</li><li>Por el Valle de Angón a La Jocica (Amieva, Asturias)</li><li>Bosque de Peloño, desde Les Bedules hacia Granceno y Arcenorio (Ponga, Asturias)</li><li>Itinerarios y rutas señalizadas por el Parque Nacional (Conjunto de Los Picos de Europa)</li></ol>
