{"id":1098,"date":"2017-07-05T18:43:04","date_gmt":"2017-07-05T18:43:04","guid":{"rendered":"http:\/\/alospicos.com\/?post_type=project&#038;p=1098"},"modified":"2023-07-25T16:45:47","modified_gmt":"2023-07-25T16:45:47","slug":"pelono","status":"publish","type":"project","link":"https:\/\/alospicos.com\/index.php\/project\/pelono\/","title":{"rendered":"Pelo\u00f1o"},"content":{"rendered":"<p>[et_pb_section fb_built=\u00bb1&#8243; admin_label=\u00bbsection\u00bb _builder_version=\u00bb4.16&#8243; background_color=\u00bb#7f0e00&#8243; custom_padding=\u00bb54px|14px|54px|0px\u00bb global_colors_info=\u00bb{}\u00bb][et_pb_row _builder_version=\u00bb4.16&#8243; background_size=\u00bbinitial\u00bb background_position=\u00bbtop_left\u00bb background_repeat=\u00bbrepeat\u00bb global_colors_info=\u00bb{}\u00bb][et_pb_column type=\u00bb4_4&#8243; _builder_version=\u00bb4.16&#8243; custom_padding=\u00bb|||\u00bb global_colors_info=\u00bb{}\u00bb custom_padding__hover=\u00bb|||\u00bb][et_pb_blurb title=\u00bbBosque de Pelo\u00f1o\u00bb image_icon_width=\u00bbnone\u00bb _builder_version=\u00bb4.16&#8243; header_font=\u00bb|on|||\u00bb header_font_size=\u00bb40px\u00bb background_size=\u00bbinitial\u00bb background_position=\u00bbtop_left\u00bb background_repeat=\u00bbrepeat\u00bb text_orientation=\u00bbcenter\u00bb background_layout=\u00bbdark\u00bb animation=\u00bboff\u00bb border_style=\u00bbsolid\u00bb image_max_width=\u00bbnone\u00bb use_circle=\u00bboff\u00bb use_circle_border=\u00bboff\u00bb global_colors_info=\u00bb{}\u00bb]Hayedo en el concejo de Ponga<br \/>\n[\/et_pb_blurb][et_pb_image src=\u00bbhttp:\/\/alospicos.com\/wp-content\/uploads\/2017\/07\/Pelo\u00f1o-y-El-Robl\u00f3n.jpg\u00bb align_tablet=\u00bbcenter\u00bb align_last_edited=\u00bbon|desktop\u00bb _builder_version=\u00bb4.16&#8243; border_style=\u00bbsolid\u00bb animation=\u00bboff\u00bb sticky=\u00bboff\u00bb always_center_on_mobile=\u00bbon\u00bb global_colors_info=\u00bb{}\u00bb align_phone=\u00bbcenter\u00bb][\/et_pb_image][et_pb_text _builder_version=\u00bb4.16&#8243; text_orientation=\u00bbright\u00bb background_layout=\u00bbdark\u00bb border_style=\u00bbsolid\u00bb global_colors_info=\u00bb{}\u00bb]En el centro de la imagen, el <strong>Robl\u00f3n de Los Bustiellos<\/strong>.<br \/>\n[\/et_pb_text][\/et_pb_column][\/et_pb_row][et_pb_row admin_label=\u00bbrow\u00bb _builder_version=\u00bb4.16&#8243; background_size=\u00bbinitial\u00bb background_position=\u00bbtop_left\u00bb background_repeat=\u00bbrepeat\u00bb global_colors_info=\u00bb{}\u00bb column_structure=\u00bb1_2,1_2&#8243;][et_pb_column type=\u00bb1_2&#8243; _builder_version=\u00bb4.16&#8243; custom_padding=\u00bb|||\u00bb global_colors_info=\u00bb{}\u00bb custom_padding__hover=\u00bb|||\u00bb][et_pb_accordion _builder_version=\u00bb4.16&#8243; border_style=\u00bbsolid\u00bb global_colors_info=\u00bb{}\u00bb][et_pb_accordion_item title=\u00bbEl bosque\u00bb open=\u00bbon\u00bb _builder_version=\u00bb4.16&#8243; global_colors_info=\u00bb{}\u00bb]G.B.<\/p>\n<p>Adem\u00e1s de la climatolog\u00eda, el bosque est\u00e1 muy condicionado por el tipo de suelo que lo genera. La variedad litol\u00f3gica de Ponga, con calizas, cuarcitas, pizarras y areniscas, unida a la diversidad de orientaciones y altitud, configur\u00f3 una forestaci\u00f3n rica y antigua, constituida por acebos, tejos, robles y abedules, entre otras especies. Sobre ellas se extendi\u00f3 posteriormente el haya, procedente del centro de Europa, que encontr\u00f3 en la caliza de Los Picos de Europa y sus inmediaciones el sustrato calc\u00e1reo id\u00f3neo para prosperar. As\u00ed, el Monte de Pelo\u00f1o, como el de La Salguerosa o Ventaniella, acabaron convirti\u00e9ndose fundamentalmente en hayedos, con muestras notables en su interior, como el Robl\u00f3n de Los Bustiellos o el acebal de Les Llampes, de otras formaciones boscosas.<br \/>\n[\/et_pb_accordion_item][et_pb_accordion_item title=\u00bbVerde Viances\u00bb _builder_version=\u00bb4.16&#8243; global_colors_info=\u00bb{}\u00bb open=\u00bboff\u00bb]Gonzalo Barrena<\/p>\n<div>\n<p>En el concejo de Ponga hay una campera franca y airosa, Viances, en el camino de Grancenu al Sen de Los Mulos, cuajado este s\u00e1bado que pas\u00f3 de setas y caminantes. La belleza decadente del oto\u00f1o repuebla cada estaci\u00f3n los montes de Ponga.<\/p>\n<p>En medio de la llomba Viances hay unos <i>jitos<\/i> que separan tierras de cada qui\u00e9n, o montes, no se, porque la geograf\u00eda humana es tan caprichosa como la natural, y especialmente aqu\u00ed, cuando ves c\u00f3mo corre la linde de la regi\u00f3n por la cantabria que le apetece: hay tantas cumbres y tantos beyos a la redonda que no se entiende el <i>sen<\/i> que sigui\u00f3 la tierra en sus quebraduras, ni por qu\u00e9 las provincias dieron en terminarse as\u00ed, entre El Jucantu y La Fonfr\u00eda por ejemplo.<\/p>\n<p>En medio de la campera y sentada sobre el mu\u00f1\u00f3n, una mujer menuda de rubio entrecano escrib\u00eda cosas en una libreta. <i>Vengo a verdes<\/i>, me dijo, como ese pintor de Gij\u00f3n que repet\u00eda estancias en Ponga, invitado posiblemente por su concreta gente y por su luz.\u00a0Por lo que dicen sus cuadros, a Nicanor Pi\u00f1ole le interesaba m\u00e1s la realidad que la costumbre, y por eso su pintura es fresca y trasciende el folclore, que aparece siempre despu\u00e9s de que las cosas hayan muerto.<\/p>\n<p>El verde <i>viances<\/i> de la media tarde, contra el acebal oscuro y brill\u00f3n de Los Bustiellos estaba vivo y era \u00fanicamente de all\u00ed, donde hab\u00eda ido a buscarlo la pintora. Porque desde el siglo XIV y Ockham se sabe bien que la realidad s\u00f3lo se compone de singulares.<\/p>\n<\/div>\n<p>[\/et_pb_accordion_item][\/et_pb_accordion][\/et_pb_column][et_pb_column type=\u00bb1_2&#8243; _builder_version=\u00bb4.16&#8243; custom_padding=\u00bb|||\u00bb global_colors_info=\u00bb{}\u00bb custom_padding__hover=\u00bb|||\u00bb][et_pb_image src=\u00bbhttp:\/\/alospicos.com\/wp-content\/uploads\/2017\/07\/El-Robl\u00f3n-de-Los-Bustiellos.jpg\u00bb show_in_lightbox=\u00bbon\u00bb align=\u00bbcenter\u00bb align_tablet=\u00bbcenter\u00bb align_last_edited=\u00bbon|desktop\u00bb _builder_version=\u00bb4.16&#8243; border_style=\u00bbsolid\u00bb animation=\u00bboff\u00bb sticky=\u00bboff\u00bb always_center_on_mobile=\u00bbon\u00bb global_colors_info=\u00bb{}\u00bb align_phone=\u00bbcenter\u00bb][\/et_pb_image][et_pb_text _builder_version=\u00bb4.16&#8243; text_orientation=\u00bbright\u00bb background_layout=\u00bbdark\u00bb border_style=\u00bbsolid\u00bb global_colors_info=\u00bb{}\u00bb]<strong>El<\/strong> <strong>Robl\u00f3n de Los Bustiellos<\/strong>.<br \/>\n[\/et_pb_text][et_pb_text _builder_version=\u00bb4.16&#8243; text_orientation=\u00bbright\u00bb background_layout=\u00bbdark\u00bb border_style=\u00bbsolid\u00bb global_colors_info=\u00bb{}\u00bb]<strong>Abajo, abedules de corteza luminosa o <em>llumbreres<\/em> en asturiano.<\/strong><br \/>\n[\/et_pb_text][\/et_pb_column][\/et_pb_row][et_pb_row _builder_version=\u00bb4.16&#8243; background_size=\u00bbinitial\u00bb background_position=\u00bbtop_left\u00bb background_repeat=\u00bbrepeat\u00bb global_colors_info=\u00bb{}\u00bb column_structure=\u00bb1_2,1_2&#8243;][et_pb_column type=\u00bb1_2&#8243; _builder_version=\u00bb4.16&#8243; custom_padding=\u00bb|||\u00bb global_colors_info=\u00bb{}\u00bb custom_padding__hover=\u00bb|||\u00bb][et_pb_code _builder_version=\u00bb4.16&#8243; global_colors_info=\u00bb{}\u00bb]<iframe loading=\"lazy\" src=\"https:\/\/www.google.com\/maps\/d\/embed?mid=16X-UKKr6hBD-mdxHBuWl_YW53Hc\" width=\"640\" height=\"480\"><\/iframe>[\/et_pb_code][\/et_pb_column][et_pb_column type=\u00bb1_2&#8243; _builder_version=\u00bb4.16&#8243; custom_padding=\u00bb|||\u00bb global_colors_info=\u00bb{}\u00bb custom_padding__hover=\u00bb|||\u00bb][et_pb_image src=\u00bbhttp:\/\/alospicos.com\/wp-content\/uploads\/2017\/07\/Abedules-Pelo\u00f1o.jpg\u00bb align_tablet=\u00bbcenter\u00bb align_last_edited=\u00bbon|desktop\u00bb _builder_version=\u00bb4.16&#8243; border_style=\u00bbsolid\u00bb animation=\u00bboff\u00bb sticky=\u00bboff\u00bb always_center_on_mobile=\u00bbon\u00bb global_colors_info=\u00bb{}\u00bb align_phone=\u00bbcenter\u00bb][\/et_pb_image][et_pb_button button_url=\u00bbhttp:\/\/alospicos.com\/index.php\/project\/ci-del-parque-natural-de-ponga\/\u00bb url_new_window=\u00bbon\u00bb button_text=\u00bbCentro de Interpretaci\u00f3n\u00bb button_alignment=\u00bbcenter\u00bb _builder_version=\u00bb4.16&#8243; custom_button=\u00bbon\u00bb button_bg_color=\u00bb#edf000&#8243; button_letter_spacing_hover=\u00bb0&#8243; global_colors_info=\u00bb{}\u00bb button_text_size__hover_enabled=\u00bboff\u00bb button_one_text_size__hover_enabled=\u00bboff\u00bb button_two_text_size__hover_enabled=\u00bboff\u00bb button_text_color__hover_enabled=\u00bboff\u00bb button_one_text_color__hover_enabled=\u00bboff\u00bb button_two_text_color__hover_enabled=\u00bboff\u00bb button_border_width__hover_enabled=\u00bboff\u00bb button_one_border_width__hover_enabled=\u00bboff\u00bb button_two_border_width__hover_enabled=\u00bboff\u00bb button_border_color__hover_enabled=\u00bboff\u00bb button_one_border_color__hover_enabled=\u00bboff\u00bb button_two_border_color__hover_enabled=\u00bboff\u00bb button_border_radius__hover_enabled=\u00bboff\u00bb button_one_border_radius__hover_enabled=\u00bboff\u00bb button_two_border_radius__hover_enabled=\u00bboff\u00bb button_letter_spacing__hover_enabled=\u00bbon\u00bb button_letter_spacing__hover=\u00bb0&#8243; button_one_letter_spacing__hover_enabled=\u00bboff\u00bb button_two_letter_spacing__hover_enabled=\u00bboff\u00bb button_bg_color__hover_enabled=\u00bboff\u00bb button_one_bg_color__hover_enabled=\u00bboff\u00bb button_two_bg_color__hover_enabled=\u00bboff\u00bb][\/et_pb_button][\/et_pb_column][\/et_pb_row][\/et_pb_section][et_pb_section fb_built=\u00bb1&#8243; _builder_version=\u00bb4.16&#8243; background_color=\u00bb#000000&#8243; global_colors_info=\u00bb{}\u00bb][et_pb_row _builder_version=\u00bb4.16&#8243; background_size=\u00bbinitial\u00bb background_position=\u00bbtop_left\u00bb background_repeat=\u00bbrepeat\u00bb global_colors_info=\u00bb{}\u00bb][et_pb_column type=\u00bb4_4&#8243; _builder_version=\u00bb4.16&#8243; custom_padding=\u00bb|||\u00bb global_colors_info=\u00bb{}\u00bb custom_padding__hover=\u00bb|||\u00bb][et_pb_button button_url=\u00bbhttp:\/\/alospicos.com\u00bb button_text=\u00bbInicio\u00bb button_alignment=\u00bbcenter\u00bb admin_label=\u00bbInicio\u00bb _builder_version=\u00bb4.16&#8243; custom_button=\u00bbon\u00bb button_text_color=\u00bb#e02b20&#8243; background_layout=\u00bbdark\u00bb button_letter_spacing_hover=\u00bb0&#8243; global_colors_info=\u00bb{}\u00bb button_text_size__hover_enabled=\u00bboff\u00bb button_one_text_size__hover_enabled=\u00bboff\u00bb button_two_text_size__hover_enabled=\u00bboff\u00bb button_text_color__hover_enabled=\u00bboff\u00bb button_one_text_color__hover_enabled=\u00bboff\u00bb button_two_text_color__hover_enabled=\u00bboff\u00bb button_border_width__hover_enabled=\u00bboff\u00bb button_one_border_width__hover_enabled=\u00bboff\u00bb button_two_border_width__hover_enabled=\u00bboff\u00bb button_border_color__hover_enabled=\u00bboff\u00bb button_one_border_color__hover_enabled=\u00bboff\u00bb button_two_border_color__hover_enabled=\u00bboff\u00bb button_border_radius__hover_enabled=\u00bboff\u00bb button_one_border_radius__hover_enabled=\u00bboff\u00bb button_two_border_radius__hover_enabled=\u00bboff\u00bb button_letter_spacing__hover_enabled=\u00bbon\u00bb button_letter_spacing__hover=\u00bb0&#8243; button_one_letter_spacing__hover_enabled=\u00bboff\u00bb button_two_letter_spacing__hover_enabled=\u00bboff\u00bb button_bg_color__hover_enabled=\u00bboff\u00bb button_one_bg_color__hover_enabled=\u00bboff\u00bb button_two_bg_color__hover_enabled=\u00bboff\u00bb][\/et_pb_button][\/et_pb_column][\/et_pb_row][\/et_pb_section]<\/p>\n","protected":false},"excerpt":{"rendered":"<p>Hayedo en el concejo de Ponga En el centro de la imagen, el Robl\u00f3n de Los Bustiellos. G.B. Adem\u00e1s de la climatolog\u00eda, el bosque est\u00e1 muy condicionado por el tipo de suelo que lo genera. La variedad litol\u00f3gica de Ponga, con calizas, cuarcitas, pizarras y areniscas, unida a la diversidad de orientaciones y altitud, configur\u00f3 [&hellip;]<\/p>\n","protected":false},"author":1,"featured_media":1101,"comment_status":"open","ping_status":"closed","template":"","meta":{"_et_pb_use_builder":"on","_et_pb_old_content":"","_et_gb_content_width":"","footnotes":""},"project_category":[10,11,8],"project_tag":[],"class_list":["post-1098","project","type-project","status-publish","has-post-thumbnail","hentry","project_category-paseos","project_category-patrimonio","project_category-sitios"],"_links":{"self":[{"href":"https:\/\/alospicos.com\/index.php\/wp-json\/wp\/v2\/project\/1098","targetHints":{"allow":["GET"]}}],"collection":[{"href":"https:\/\/alospicos.com\/index.php\/wp-json\/wp\/v2\/project"}],"about":[{"href":"https:\/\/alospicos.com\/index.php\/wp-json\/wp\/v2\/types\/project"}],"author":[{"embeddable":true,"href":"https:\/\/alospicos.com\/index.php\/wp-json\/wp\/v2\/users\/1"}],"replies":[{"embeddable":true,"href":"https:\/\/alospicos.com\/index.php\/wp-json\/wp\/v2\/comments?post=1098"}],"version-history":[{"count":15,"href":"https:\/\/alospicos.com\/index.php\/wp-json\/wp\/v2\/project\/1098\/revisions"}],"predecessor-version":[{"id":1914,"href":"https:\/\/alospicos.com\/index.php\/wp-json\/wp\/v2\/project\/1098\/revisions\/1914"}],"wp:featuredmedia":[{"embeddable":true,"href":"https:\/\/alospicos.com\/index.php\/wp-json\/wp\/v2\/media\/1101"}],"wp:attachment":[{"href":"https:\/\/alospicos.com\/index.php\/wp-json\/wp\/v2\/media?parent=1098"}],"wp:term":[{"taxonomy":"project_category","embeddable":true,"href":"https:\/\/alospicos.com\/index.php\/wp-json\/wp\/v2\/project_category?post=1098"},{"taxonomy":"project_tag","embeddable":true,"href":"https:\/\/alospicos.com\/index.php\/wp-json\/wp\/v2\/project_tag?post=1098"}],"curies":[{"name":"wp","href":"https:\/\/api.w.org\/{rel}","templated":true}]}}

Peloño

<p>[et_pb_section fb_built=»1&#8243; admin_label=»section» _builder_version=»4.16&#8243; background_color=»#7f0e00&#8243; custom_padding=»54px|14px|54px|0px» global_colors_info=»{}»][et_pb_row _builder_version=»4.16&#8243; background_size=»initial» background_position=»top_left» background_repeat=»repeat» global_colors_info=»{}»][et_pb_column type=»4_4&#8243; _builder_version=»4.16&#8243; custom_padding=»|||» global_colors_info=»{}» custom_padding__hover=»|||»][et_pb_blurb title=»Bosque de Peloño» image_icon_width=»none» _builder_version=»4.16&#8243; header_font=»|on|||» header_font_size=»40px» background_size=»initial» background_position=»top_left» background_repeat=»repeat» text_orientation=»center» background_layout=»dark» animation=»off» border_style=»solid» image_max_width=»none» use_circle=»off» use_circle_border=»off» global_colors_info=»{}»]Hayedo en el concejo de Ponga<br />
[/et_pb_blurb][et_pb_image src=»http://alospicos.com/wp-content/uploads/2017/07/Peloño-y-El-Roblón.jpg» align_tablet=»center» align_last_edited=»on|desktop» _builder_version=»4.16&#8243; border_style=»solid» animation=»off» sticky=»off» always_center_on_mobile=»on» global_colors_info=»{}» align_phone=»center»][/et_pb_image][et_pb_text _builder_version=»4.16&#8243; text_orientation=»right» background_layout=»dark» border_style=»solid» global_colors_info=»{}»]En el centro de la imagen, el <strong>Roblón de Los Bustiellos</strong>.<br />
[/et_pb_text][/et_pb_column][/et_pb_row][et_pb_row admin_label=»row» _builder_version=»4.16&#8243; background_size=»initial» background_position=»top_left» background_repeat=»repeat» global_colors_info=»{}» column_structure=»1_2,1_2&#8243;][et_pb_column type=»1_2&#8243; _builder_version=»4.16&#8243; custom_padding=»|||» global_colors_info=»{}» custom_padding__hover=»|||»][et_pb_accordion _builder_version=»4.16&#8243; border_style=»solid» global_colors_info=»{}»][et_pb_accordion_item title=»El bosque» open=»on» _builder_version=»4.16&#8243; global_colors_info=»{}»]G.B.</p>
<p>Además de la climatología, el bosque está muy condicionado por el tipo de suelo que lo genera. La variedad litológica de Ponga, con calizas, cuarcitas, pizarras y areniscas, unida a la diversidad de orientaciones y altitud, configuró una forestación rica y antigua, constituida por acebos, tejos, robles y abedules, entre otras especies. Sobre ellas se extendió posteriormente el haya, procedente del centro de Europa, que encontró en la caliza de Los Picos de Europa y sus inmediaciones el sustrato calcáreo idóneo para prosperar. Así, el Monte de Peloño, como el de La Salguerosa o Ventaniella, acabaron convirtiéndose fundamentalmente en hayedos, con muestras notables en su interior, como el Roblón de Los Bustiellos o el acebal de Les Llampes, de otras formaciones boscosas.<br />
[/et_pb_accordion_item][et_pb_accordion_item title=»Verde Viances» _builder_version=»4.16&#8243; global_colors_info=»{}» open=»off»]Gonzalo Barrena</p>
<div>
<p>En el concejo de Ponga hay una campera franca y airosa, Viances, en el camino de Grancenu al Sen de Los Mulos, cuajado este sábado que pasó de setas y caminantes. La belleza decadente del otoño repuebla cada estación los montes de Ponga.</p>
<p>En medio de la llomba Viances hay unos <i>jitos</i> que separan tierras de cada quién, o montes, no se, porque la geografía humana es tan caprichosa como la natural, y especialmente aquí, cuando ves cómo corre la linde de la región por la cantabria que le apetece: hay tantas cumbres y tantos beyos a la redonda que no se entiende el <i>sen</i> que siguió la tierra en sus quebraduras, ni por qué las provincias dieron en terminarse así, entre El Jucantu y La Fonfría por ejemplo.</p>
<p>En medio de la campera y sentada sobre el muñón, una mujer menuda de rubio entrecano escribía cosas en una libreta. <i>Vengo a verdes</i>, me dijo, como ese pintor de Gijón que repetía estancias en Ponga, invitado posiblemente por su concreta gente y por su luz. Por lo que dicen sus cuadros, a Nicanor Piñole le interesaba más la realidad que la costumbre, y por eso su pintura es fresca y trasciende el folclore, que aparece siempre después de que las cosas hayan muerto.</p>
<p>El verde <i>viances</i> de la media tarde, contra el acebal oscuro y brillón de Los Bustiellos estaba vivo y era únicamente de allí, donde había ido a buscarlo la pintora. Porque desde el siglo XIV y Ockham se sabe bien que la realidad sólo se compone de singulares.</p>
</div>
<p>[/et_pb_accordion_item][/et_pb_accordion][/et_pb_column][et_pb_column type=»1_2&#8243; _builder_version=»4.16&#8243; custom_padding=»|||» global_colors_info=»{}» custom_padding__hover=»|||»][et_pb_image src=»http://alospicos.com/wp-content/uploads/2017/07/El-Roblón-de-Los-Bustiellos.jpg» show_in_lightbox=»on» align=»center» align_tablet=»center» align_last_edited=»on|desktop» _builder_version=»4.16&#8243; border_style=»solid» animation=»off» sticky=»off» always_center_on_mobile=»on» global_colors_info=»{}» align_phone=»center»][/et_pb_image][et_pb_text _builder_version=»4.16&#8243; text_orientation=»right» background_layout=»dark» border_style=»solid» global_colors_info=»{}»]<strong>El</strong> <strong>Roblón de Los Bustiellos</strong>.<br />
[/et_pb_text][et_pb_text _builder_version=»4.16&#8243; text_orientation=»right» background_layout=»dark» border_style=»solid» global_colors_info=»{}»]<strong>Abajo, abedules de corteza luminosa o <em>llumbreres</em> en asturiano.</strong><br />
[/et_pb_text][/et_pb_column][/et_pb_row][et_pb_row _builder_version=»4.16&#8243; background_size=»initial» background_position=»top_left» background_repeat=»repeat» global_colors_info=»{}» column_structure=»1_2,1_2&#8243;][et_pb_column type=»1_2&#8243; _builder_version=»4.16&#8243; custom_padding=»|||» global_colors_info=»{}» custom_padding__hover=»|||»][et_pb_code _builder_version=»4.16&#8243; global_colors_info=»{}»]<iframe loading="lazy" src="https://www.google.com/maps/d/embed?mid=16X-UKKr6hBD-mdxHBuWl_YW53Hc" width="640" height="480"></iframe>[/et_pb_code][/et_pb_column][et_pb_column type=»1_2&#8243; _builder_version=»4.16&#8243; custom_padding=»|||» global_colors_info=»{}» custom_padding__hover=»|||»][et_pb_image src=»http://alospicos.com/wp-content/uploads/2017/07/Abedules-Peloño.jpg» align_tablet=»center» align_last_edited=»on|desktop» _builder_version=»4.16&#8243; border_style=»solid» animation=»off» sticky=»off» always_center_on_mobile=»on» global_colors_info=»{}» align_phone=»center»][/et_pb_image][et_pb_button button_url=»http://alospicos.com/index.php/project/ci-del-parque-natural-de-ponga/» url_new_window=»on» button_text=»Centro de Interpretación» button_alignment=»center» _builder_version=»4.16&#8243; custom_button=»on» button_bg_color=»#edf000&#8243; button_letter_spacing_hover=»0&#8243; global_colors_info=»{}» button_text_size__hover_enabled=»off» button_one_text_size__hover_enabled=»off» button_two_text_size__hover_enabled=»off» button_text_color__hover_enabled=»off» button_one_text_color__hover_enabled=»off» button_two_text_color__hover_enabled=»off» button_border_width__hover_enabled=»off» button_one_border_width__hover_enabled=»off» button_two_border_width__hover_enabled=»off» button_border_color__hover_enabled=»off» button_one_border_color__hover_enabled=»off» button_two_border_color__hover_enabled=»off» button_border_radius__hover_enabled=»off» button_one_border_radius__hover_enabled=»off» button_two_border_radius__hover_enabled=»off» button_letter_spacing__hover_enabled=»on» button_letter_spacing__hover=»0&#8243; button_one_letter_spacing__hover_enabled=»off» button_two_letter_spacing__hover_enabled=»off» button_bg_color__hover_enabled=»off» button_one_bg_color__hover_enabled=»off» button_two_bg_color__hover_enabled=»off»][/et_pb_button][/et_pb_column][/et_pb_row][/et_pb_section][et_pb_section fb_built=»1&#8243; _builder_version=»4.16&#8243; background_color=»#000000&#8243; global_colors_info=»{}»][et_pb_row _builder_version=»4.16&#8243; background_size=»initial» background_position=»top_left» background_repeat=»repeat» global_colors_info=»{}»][et_pb_column type=»4_4&#8243; _builder_version=»4.16&#8243; custom_padding=»|||» global_colors_info=»{}» custom_padding__hover=»|||»][et_pb_button button_url=»http://alospicos.com» button_text=»Inicio» button_alignment=»center» admin_label=»Inicio» _builder_version=»4.16&#8243; custom_button=»on» button_text_color=»#e02b20&#8243; background_layout=»dark» button_letter_spacing_hover=»0&#8243; global_colors_info=»{}» button_text_size__hover_enabled=»off» button_one_text_size__hover_enabled=»off» button_two_text_size__hover_enabled=»off» button_text_color__hover_enabled=»off» button_one_text_color__hover_enabled=»off» button_two_text_color__hover_enabled=»off» button_border_width__hover_enabled=»off» button_one_border_width__hover_enabled=»off» button_two_border_width__hover_enabled=»off» button_border_color__hover_enabled=»off» button_one_border_color__hover_enabled=»off» button_two_border_color__hover_enabled=»off» button_border_radius__hover_enabled=»off» button_one_border_radius__hover_enabled=»off» button_two_border_radius__hover_enabled=»off» button_letter_spacing__hover_enabled=»on» button_letter_spacing__hover=»0&#8243; button_one_letter_spacing__hover_enabled=»off» button_two_letter_spacing__hover_enabled=»off» button_bg_color__hover_enabled=»off» button_one_bg_color__hover_enabled=»off» button_two_bg_color__hover_enabled=»off»][/et_pb_button][/et_pb_column][/et_pb_row][/et_pb_section]</p>

<p>Hayedo en el concejo de Ponga En el centro de la imagen, el Roblón de Los Bustiellos. G.B. Además de la climatología, el bosque está muy condicionado por el tipo de suelo que lo genera. La variedad litológica de Ponga, con calizas, cuarcitas, pizarras y areniscas, unida a la diversidad de orientaciones y altitud, configuró [&hellip;]</p>
