{"id":1164,"date":"2017-08-12T18:08:19","date_gmt":"2017-08-12T18:08:19","guid":{"rendered":"http:\/\/alospicos.com\/?post_type=project&#038;p=1164"},"modified":"2023-07-25T16:42:53","modified_gmt":"2023-07-25T16:42:53","slug":"hoya-del-dobra","status":"publish","type":"project","link":"https:\/\/alospicos.com\/index.php\/project\/hoya-del-dobra\/","title":{"rendered":"Hoya del Dobra"},"content":{"rendered":"<p>[et_pb_section fb_built=\u00bb1&#8243; admin_label=\u00bbsection\u00bb _builder_version=\u00bb4.16&#8243; background_color=\u00bb#000000&#8243; custom_padding=\u00bb54px|14px|54px|0px\u00bb global_colors_info=\u00bb{}\u00bb][et_pb_row _builder_version=\u00bb4.16&#8243; background_size=\u00bbinitial\u00bb background_position=\u00bbtop_left\u00bb background_repeat=\u00bbrepeat\u00bb global_colors_info=\u00bb{}\u00bb][et_pb_column type=\u00bb4_4&#8243; _builder_version=\u00bb4.16&#8243; custom_padding=\u00bb|||\u00bb global_colors_info=\u00bb{}\u00bb custom_padding__hover=\u00bb|||\u00bb][et_pb_blurb title=\u00bbHoya del Dobra\u00bb image_icon_width=\u00bbnone\u00bb _builder_version=\u00bb4.16&#8243; header_font=\u00bb|on|||\u00bb header_font_size=\u00bb40px\u00bb background_size=\u00bbinitial\u00bb background_position=\u00bbtop_left\u00bb background_repeat=\u00bbrepeat\u00bb text_orientation=\u00bbcenter\u00bb background_layout=\u00bbdark\u00bb image_max_width=\u00bbnone\u00bb global_colors_info=\u00bb{}\u00bb]Recodo y pozo del r\u00edo Dobra (Cangas-Amieva, Asturias), cerca de su desembocadura<br \/>\n[\/et_pb_blurb][et_pb_image src=\u00bbhttp:\/\/alospicos.com\/wp-content\/uploads\/2017\/08\/Hoya-principal-w.jpg\u00bb align_tablet=\u00bbcenter\u00bb align_last_edited=\u00bbon|desktop\u00bb _builder_version=\u00bb4.16&#8243; animation=\u00bboff\u00bb global_colors_info=\u00bb{}\u00bb align_phone=\u00bbcenter\u00bb][\/et_pb_image][\/et_pb_column][\/et_pb_row][et_pb_row admin_label=\u00bbrow\u00bb _builder_version=\u00bb4.16&#8243; background_size=\u00bbinitial\u00bb background_position=\u00bbtop_left\u00bb background_repeat=\u00bbrepeat\u00bb global_colors_info=\u00bb{}\u00bb column_structure=\u00bb1_2,1_2&#8243;][et_pb_column type=\u00bb1_2&#8243; _builder_version=\u00bb4.16&#8243; custom_padding=\u00bb|||\u00bb global_colors_info=\u00bb{}\u00bb custom_padding__hover=\u00bb|||\u00bb][et_pb_accordion _builder_version=\u00bb4.16&#8243; global_colors_info=\u00bb{}\u00bb][et_pb_accordion_item title=\u00bbLa Hoya de San Vicente\u00bb open=\u00bbon\u00bb _builder_version=\u00bb4.16&#8243; background_size=\u00bbinitial\u00bb background_position=\u00bbtop_left\u00bb background_repeat=\u00bbrepeat\u00bb global_colors_info=\u00bb{}\u00bb]La Hoya del Dobra, u \u00abHoya de San Vicente,\u00bb constituye el t\u00e9rmino de un paseo de ribera por la margen derecha del r\u00edo Dobra durante los \u00faltimos kil\u00f3metros de su curso, antes de la desembocadura en el Sella.<\/p>\n<p>El camino es llano y c\u00f3modo en su primera mitad. La segunda parte discurre por un suelo que requiere calzado apropiado, justo hasta el recodo y pozo que se nombran como \u00abhoya\u00bb.<\/p>\n<p>La duraci\u00f3n del trayecto no llega a una hora (dos entre ida y vuelta), entre el Bar Puente Dobra, al pie de la carretera nacional, a unos 5 km de Cangas de On\u00eds, y los prados de La Hoya.<\/p>\n<p>En temporada suele estar muy concurrido, y con pocos sitios para dejar el veh\u00edculo. Un puente de factura medieval, muy cerca del comienzo, y los diversos pozos de agua clara, flanqueando los prados del camino, constituyen buenos motivos para recorrer la ribera del r\u00edo que lleva una antigua ra\u00edz indoeuropea, ligada al agua (*dubron), en el nombre.<br \/>\n[\/et_pb_accordion_item][et_pb_accordion_item title=\u00bbCamino de La Hoya\u00bb _builder_version=\u00bb4.16&#8243; background_size=\u00bbinitial\u00bb background_position=\u00bbtop_left\u00bb background_repeat=\u00bbrepeat\u00bb global_colors_info=\u00bb{}\u00bb open=\u00bboff\u00bb]Gonzalo B.<\/p>\n<p>El Xibil, buc\u00f3lico*<\/p>\n<p>El Xibil es el nombre de un prado entre los prados. Se abre hueco sobre la margen izquierda del r\u00edo Dobra, en el camino que lleva a La Hoya de San Vicente, concejo de Cangas de On\u00eds. Al otro lado del agua ya es Amieva, porque todo el cauce va separando ambos concejos desde sus tramos m\u00e1s altos, en el sitio que llaman La Mecedura por ser all\u00ed donde se mezclan diversas aguas.<br \/>\nPero al Xibil lo ba\u00f1a ya un caudal de bajura, muy cerca de la confluencia con el r\u00edo grande, el que desde el puerto del Pont\u00f3n se conoce como Sella. Por eso es tan f\u00e9rtil el prado, por haberse logrado con todo el arrastre que El Dobra trae de la caliza y que se deposita ahora, aqu\u00ed abajo, en una de las cangas m\u00e1s francas de la desembocadura.<br \/>\nEl suelo del Xibil alumbra tambi\u00e9n una feraz pomarada. Ahora, que es mayo rabioso, juntan flor y hoja los manzanos, y unos cuantos corderos para los que comienza el a\u00f1o con el mes, arrancan las yemas de la pastura entre leche y leche, con carreras que no rompen el hilo invisible de sus madres, ovejas a escasos metros de los recentales con demasiada lana quiz\u00e1 para las tardes de calor.<br \/>\nEl camino flanquea todo el prado como si fuera una vida, que a veces discurre amable, lineal, amojonada por d\u00edas regulares. En la moderada muria del Xibil, las lagartijas esquivan el musgo que tamiza los cantos porque prefieren emparedarse de calor. Tambi\u00e9n consisten en apartarse del pisar grijoso, el que desprenden por aqu\u00ed los caminantes -y los amantes- a su regreso de La Hoya. O para\u00edso.<\/p>\n<p>* Buc\u00f3lico, en griego, es todo aquello relativo al pastor. Aqu\u00ed una prosa po\u00e9tica.<br \/>\n[\/et_pb_accordion_item][\/et_pb_accordion][et_pb_gallery gallery_ids=\u00bb1171,1172,1170,1173,1176,1177,1178&#8243; fullwidth=\u00bbon\u00bb _builder_version=\u00bb4.16&#8243; global_colors_info=\u00bb{}\u00bb][\/et_pb_gallery][\/et_pb_column][et_pb_column type=\u00bb1_2&#8243; _builder_version=\u00bb4.16&#8243; custom_padding=\u00bb|||\u00bb global_colors_info=\u00bb{}\u00bb custom_padding__hover=\u00bb|||\u00bb][et_pb_image src=\u00bbhttp:\/\/alospicos.com\/wp-content\/uploads\/2017\/08\/Sendero-Dobra.jpg\u00bb align=\u00bbcenter\u00bb align_tablet=\u00bbcenter\u00bb align_last_edited=\u00bbon|desktop\u00bb _builder_version=\u00bb4.16&#8243; animation=\u00bboff\u00bb global_colors_info=\u00bb{}\u00bb align_phone=\u00bbcenter\u00bb][\/et_pb_image][et_pb_text _builder_version=\u00bb4.16&#8243; background_size=\u00bbinitial\u00bb background_position=\u00bbtop_left\u00bb background_repeat=\u00bbrepeat\u00bb text_orientation=\u00bbjustified\u00bb background_layout=\u00bbdark\u00bb custom_padding=\u00bb10px|10px|10px|10px\u00bb global_colors_info=\u00bb{}\u00bb]<\/p>\n<p style=\"text-align: right;\">Prado de El Xibil, en el camino a La Hoya<\/p>\n<p>[\/et_pb_text][et_pb_code _builder_version=\u00bb4.16&#8243; global_colors_info=\u00bb{}\u00bb]<iframe loading=\"lazy\" src=\"https:\/\/www.google.com\/maps\/d\/embed?mid=1D1XHxUK7QzqDwyZ6e04Ke3JCuNw\" width=\"640\" height=\"480\"><\/iframe>[\/et_pb_code][\/et_pb_column][\/et_pb_row][et_pb_row _builder_version=\u00bb4.16&#8243; background_size=\u00bbinitial\u00bb background_position=\u00bbtop_left\u00bb background_repeat=\u00bbrepeat\u00bb global_colors_info=\u00bb{}\u00bb][et_pb_column type=\u00bb4_4&#8243; _builder_version=\u00bb4.16&#8243; custom_padding=\u00bb|||\u00bb global_colors_info=\u00bb{}\u00bb custom_padding__hover=\u00bb|||\u00bb][et_pb_button button_url=\u00bb#\u00bb button_text=\u00bbInicio\u00bb button_alignment=\u00bbcenter\u00bb admin_label=\u00bbInicio\u00bb _builder_version=\u00bb4.16&#8243; custom_button=\u00bbon\u00bb button_text_color=\u00bb#e02b20&#8243; background_layout=\u00bbdark\u00bb button_letter_spacing_hover=\u00bb0&#8243; global_colors_info=\u00bb{}\u00bb button_text_size__hover_enabled=\u00bboff\u00bb button_one_text_size__hover_enabled=\u00bboff\u00bb button_two_text_size__hover_enabled=\u00bboff\u00bb button_text_color__hover_enabled=\u00bboff\u00bb button_one_text_color__hover_enabled=\u00bboff\u00bb button_two_text_color__hover_enabled=\u00bboff\u00bb button_border_width__hover_enabled=\u00bboff\u00bb button_one_border_width__hover_enabled=\u00bboff\u00bb button_two_border_width__hover_enabled=\u00bboff\u00bb button_border_color__hover_enabled=\u00bboff\u00bb button_one_border_color__hover_enabled=\u00bboff\u00bb button_two_border_color__hover_enabled=\u00bboff\u00bb button_border_radius__hover_enabled=\u00bboff\u00bb button_one_border_radius__hover_enabled=\u00bboff\u00bb button_two_border_radius__hover_enabled=\u00bboff\u00bb button_letter_spacing__hover_enabled=\u00bbon\u00bb button_letter_spacing__hover=\u00bb0&#8243; button_one_letter_spacing__hover_enabled=\u00bboff\u00bb button_two_letter_spacing__hover_enabled=\u00bboff\u00bb button_bg_color__hover_enabled=\u00bboff\u00bb button_one_bg_color__hover_enabled=\u00bboff\u00bb button_two_bg_color__hover_enabled=\u00bboff\u00bb][\/et_pb_button][\/et_pb_column][\/et_pb_row][\/et_pb_section]<\/p>\n","protected":false},"excerpt":{"rendered":"<p>Recodo y pozo del r\u00edo Dobra (Cangas-Amieva, Asturias), cerca de su desembocadura La Hoya del Dobra, u \u00abHoya de San Vicente,\u00bb constituye el t\u00e9rmino de un paseo de ribera por la margen derecha del r\u00edo Dobra durante los \u00faltimos kil\u00f3metros de su curso, antes de la desembocadura en el Sella. El camino es llano y [&hellip;]<\/p>\n","protected":false},"author":1,"featured_media":0,"comment_status":"open","ping_status":"closed","template":"","meta":{"_et_pb_use_builder":"on","_et_pb_old_content":"","_et_gb_content_width":"","footnotes":""},"project_category":[10,7,8],"project_tag":[],"class_list":["post-1164","project","type-project","status-publish","hentry","project_category-paseos","project_category-rutas","project_category-sitios"],"_links":{"self":[{"href":"https:\/\/alospicos.com\/index.php\/wp-json\/wp\/v2\/project\/1164","targetHints":{"allow":["GET"]}}],"collection":[{"href":"https:\/\/alospicos.com\/index.php\/wp-json\/wp\/v2\/project"}],"about":[{"href":"https:\/\/alospicos.com\/index.php\/wp-json\/wp\/v2\/types\/project"}],"author":[{"embeddable":true,"href":"https:\/\/alospicos.com\/index.php\/wp-json\/wp\/v2\/users\/1"}],"replies":[{"embeddable":true,"href":"https:\/\/alospicos.com\/index.php\/wp-json\/wp\/v2\/comments?post=1164"}],"version-history":[{"count":10,"href":"https:\/\/alospicos.com\/index.php\/wp-json\/wp\/v2\/project\/1164\/revisions"}],"predecessor-version":[{"id":1912,"href":"https:\/\/alospicos.com\/index.php\/wp-json\/wp\/v2\/project\/1164\/revisions\/1912"}],"wp:attachment":[{"href":"https:\/\/alospicos.com\/index.php\/wp-json\/wp\/v2\/media?parent=1164"}],"wp:term":[{"taxonomy":"project_category","embeddable":true,"href":"https:\/\/alospicos.com\/index.php\/wp-json\/wp\/v2\/project_category?post=1164"},{"taxonomy":"project_tag","embeddable":true,"href":"https:\/\/alospicos.com\/index.php\/wp-json\/wp\/v2\/project_tag?post=1164"}],"curies":[{"name":"wp","href":"https:\/\/api.w.org\/{rel}","templated":true}]}}

<p>[et_pb_section fb_built=»1&#8243; admin_label=»section» _builder_version=»4.16&#8243; background_color=»#000000&#8243; custom_padding=»54px|14px|54px|0px» global_colors_info=»{}»][et_pb_row _builder_version=»4.16&#8243; background_size=»initial» background_position=»top_left» background_repeat=»repeat» global_colors_info=»{}»][et_pb_column type=»4_4&#8243; _builder_version=»4.16&#8243; custom_padding=»|||» global_colors_info=»{}» custom_padding__hover=»|||»][et_pb_blurb title=»Hoya del Dobra» image_icon_width=»none» _builder_version=»4.16&#8243; header_font=»|on|||» header_font_size=»40px» background_size=»initial» background_position=»top_left» background_repeat=»repeat» text_orientation=»center» background_layout=»dark» image_max_width=»none» global_colors_info=»{}»]Recodo y pozo del río Dobra (Cangas-Amieva, Asturias), cerca de su desembocadura<br />
[/et_pb_blurb][et_pb_image src=»http://alospicos.com/wp-content/uploads/2017/08/Hoya-principal-w.jpg» align_tablet=»center» align_last_edited=»on|desktop» _builder_version=»4.16&#8243; animation=»off» global_colors_info=»{}» align_phone=»center»][/et_pb_image][/et_pb_column][/et_pb_row][et_pb_row admin_label=»row» _builder_version=»4.16&#8243; background_size=»initial» background_position=»top_left» background_repeat=»repeat» global_colors_info=»{}» column_structure=»1_2,1_2&#8243;][et_pb_column type=»1_2&#8243; _builder_version=»4.16&#8243; custom_padding=»|||» global_colors_info=»{}» custom_padding__hover=»|||»][et_pb_accordion _builder_version=»4.16&#8243; global_colors_info=»{}»][et_pb_accordion_item title=»La Hoya de San Vicente» open=»on» _builder_version=»4.16&#8243; background_size=»initial» background_position=»top_left» background_repeat=»repeat» global_colors_info=»{}»]La Hoya del Dobra, u «Hoya de San Vicente,» constituye el término de un paseo de ribera por la margen derecha del río Dobra durante los últimos kilómetros de su curso, antes de la desembocadura en el Sella.</p>
<p>El camino es llano y cómodo en su primera mitad. La segunda parte discurre por un suelo que requiere calzado apropiado, justo hasta el recodo y pozo que se nombran como «hoya».</p>
<p>La duración del trayecto no llega a una hora (dos entre ida y vuelta), entre el Bar Puente Dobra, al pie de la carretera nacional, a unos 5 km de Cangas de Onís, y los prados de La Hoya.</p>
<p>En temporada suele estar muy concurrido, y con pocos sitios para dejar el vehículo. Un puente de factura medieval, muy cerca del comienzo, y los diversos pozos de agua clara, flanqueando los prados del camino, constituyen buenos motivos para recorrer la ribera del río que lleva una antigua raíz indoeuropea, ligada al agua (*dubron), en el nombre.<br />
[/et_pb_accordion_item][et_pb_accordion_item title=»Camino de La Hoya» _builder_version=»4.16&#8243; background_size=»initial» background_position=»top_left» background_repeat=»repeat» global_colors_info=»{}» open=»off»]Gonzalo B.</p>
<p>El Xibil, bucólico*</p>
<p>El Xibil es el nombre de un prado entre los prados. Se abre hueco sobre la margen izquierda del río Dobra, en el camino que lleva a La Hoya de San Vicente, concejo de Cangas de Onís. Al otro lado del agua ya es Amieva, porque todo el cauce va separando ambos concejos desde sus tramos más altos, en el sitio que llaman La Mecedura por ser allí donde se mezclan diversas aguas.<br />
Pero al Xibil lo baña ya un caudal de bajura, muy cerca de la confluencia con el río grande, el que desde el puerto del Pontón se conoce como Sella. Por eso es tan fértil el prado, por haberse logrado con todo el arrastre que El Dobra trae de la caliza y que se deposita ahora, aquí abajo, en una de las cangas más francas de la desembocadura.<br />
El suelo del Xibil alumbra también una feraz pomarada. Ahora, que es mayo rabioso, juntan flor y hoja los manzanos, y unos cuantos corderos para los que comienza el año con el mes, arrancan las yemas de la pastura entre leche y leche, con carreras que no rompen el hilo invisible de sus madres, ovejas a escasos metros de los recentales con demasiada lana quizá para las tardes de calor.<br />
El camino flanquea todo el prado como si fuera una vida, que a veces discurre amable, lineal, amojonada por días regulares. En la moderada muria del Xibil, las lagartijas esquivan el musgo que tamiza los cantos porque prefieren emparedarse de calor. También consisten en apartarse del pisar grijoso, el que desprenden por aquí los caminantes -y los amantes- a su regreso de La Hoya. O paraíso.</p>
<p>* Bucólico, en griego, es todo aquello relativo al pastor. Aquí una prosa poética.<br />
[/et_pb_accordion_item][/et_pb_accordion][et_pb_gallery gallery_ids=»1171,1172,1170,1173,1176,1177,1178&#8243; fullwidth=»on» _builder_version=»4.16&#8243; global_colors_info=»{}»][/et_pb_gallery][/et_pb_column][et_pb_column type=»1_2&#8243; _builder_version=»4.16&#8243; custom_padding=»|||» global_colors_info=»{}» custom_padding__hover=»|||»][et_pb_image src=»http://alospicos.com/wp-content/uploads/2017/08/Sendero-Dobra.jpg» align=»center» align_tablet=»center» align_last_edited=»on|desktop» _builder_version=»4.16&#8243; animation=»off» global_colors_info=»{}» align_phone=»center»][/et_pb_image][et_pb_text _builder_version=»4.16&#8243; background_size=»initial» background_position=»top_left» background_repeat=»repeat» text_orientation=»justified» background_layout=»dark» custom_padding=»10px|10px|10px|10px» global_colors_info=»{}»]</p>
<p style="text-align: right;">Prado de El Xibil, en el camino a La Hoya</p>
<p>[/et_pb_text][et_pb_code _builder_version=»4.16&#8243; global_colors_info=»{}»]<iframe loading="lazy" src="https://www.google.com/maps/d/embed?mid=1D1XHxUK7QzqDwyZ6e04Ke3JCuNw" width="640" height="480"></iframe>[/et_pb_code][/et_pb_column][/et_pb_row][et_pb_row _builder_version=»4.16&#8243; background_size=»initial» background_position=»top_left» background_repeat=»repeat» global_colors_info=»{}»][et_pb_column type=»4_4&#8243; _builder_version=»4.16&#8243; custom_padding=»|||» global_colors_info=»{}» custom_padding__hover=»|||»][et_pb_button button_url=»#» button_text=»Inicio» button_alignment=»center» admin_label=»Inicio» _builder_version=»4.16&#8243; custom_button=»on» button_text_color=»#e02b20&#8243; background_layout=»dark» button_letter_spacing_hover=»0&#8243; global_colors_info=»{}» button_text_size__hover_enabled=»off» button_one_text_size__hover_enabled=»off» button_two_text_size__hover_enabled=»off» button_text_color__hover_enabled=»off» button_one_text_color__hover_enabled=»off» button_two_text_color__hover_enabled=»off» button_border_width__hover_enabled=»off» button_one_border_width__hover_enabled=»off» button_two_border_width__hover_enabled=»off» button_border_color__hover_enabled=»off» button_one_border_color__hover_enabled=»off» button_two_border_color__hover_enabled=»off» button_border_radius__hover_enabled=»off» button_one_border_radius__hover_enabled=»off» button_two_border_radius__hover_enabled=»off» button_letter_spacing__hover_enabled=»on» button_letter_spacing__hover=»0&#8243; button_one_letter_spacing__hover_enabled=»off» button_two_letter_spacing__hover_enabled=»off» button_bg_color__hover_enabled=»off» button_one_bg_color__hover_enabled=»off» button_two_bg_color__hover_enabled=»off»][/et_pb_button][/et_pb_column][/et_pb_row][/et_pb_section]</p>

<p>Recodo y pozo del río Dobra (Cangas-Amieva, Asturias), cerca de su desembocadura La Hoya del Dobra, u «Hoya de San Vicente,» constituye el término de un paseo de ribera por la margen derecha del río Dobra durante los últimos kilómetros de su curso, antes de la desembocadura en el Sella. El camino es llano y [&hellip;]</p>
