{"id":1439,"date":"2018-02-08T20:33:42","date_gmt":"2018-02-08T20:33:42","guid":{"rendered":"http:\/\/alospicos.com\/?post_type=project&#038;p=1439"},"modified":"2019-10-02T10:41:58","modified_gmt":"2019-10-02T10:41:58","slug":"el-redondal","status":"publish","type":"project","link":"https:\/\/alospicos.com\/index.php\/project\/el-redondal\/","title":{"rendered":"El Redondal"},"content":{"rendered":"<p>[et_pb_section fb_built=\u00bb1&#8243; admin_label=\u00bbsection\u00bb _builder_version=\u00bb3.22&#8243; background_color=\u00bb#000000&#8243; custom_padding=\u00bb54px|14px|54px|0px\u00bb bb_built=\u00bb1&#8243; _i=\u00bb0&#8243; _address=\u00bb0&#8243;][et_pb_row _builder_version=\u00bb3.25&#8243; background_size=\u00bbinitial\u00bb background_position=\u00bbtop_left\u00bb background_repeat=\u00bbrepeat\u00bb _i=\u00bb0&#8243; _address=\u00bb0.0&#8243;][et_pb_column type=\u00bb4_4&#8243; _builder_version=\u00bb3.25&#8243; custom_padding=\u00bb|||\u00bb _i=\u00bb0&#8243; _address=\u00bb0.0.0&#8243; custom_padding__hover=\u00bb|||\u00bb][et_pb_blurb title=\u00bbEl Redondal\u00bb _builder_version=\u00bb3.0.100&#8243; header_font=\u00bb|on|||\u00bb header_font_size=\u00bb40px\u00bb background_size=\u00bbinitial\u00bb background_position=\u00bbtop_left\u00bb background_repeat=\u00bbrepeat\u00bb text_orientation=\u00bbcenter\u00bb background_layout=\u00bbdark\u00bb border_style=\u00bbsolid\u00bb _i=\u00bb0&#8243; _address=\u00bb0.0.0.0&#8243;]Majada rupestre en \u00c1ndara, Macizo Oriental de Los Picos de Europa<br \/>\n[\/et_pb_blurb][et_pb_image src=\u00bbhttp:\/\/alospicos.com\/wp-content\/uploads\/2018\/02\/El-Redondal-Mayor.jpg\u00bb align_tablet=\u00bbcenter\u00bb align_last_edited=\u00bbon|desktop\u00bb _builder_version=\u00bb3.23&#8243; _i=\u00bb1&#8243; _address=\u00bb0.0.0.1&#8243;]&nbsp;<br \/>\n[\/et_pb_image][et_pb_text _builder_version=\u00bb3.27.4&#8243; background_layout=\u00bbdark\u00bb _i=\u00bb2&#8243; _address=\u00bb0.0.0.2&#8243;]<\/p>\n<p style=\"text-align: right;\">Redonda Mayor en la Aldea del Redondal.<\/p>\n<p>[\/et_pb_text][\/et_pb_column][\/et_pb_row][et_pb_row admin_label=\u00bbrow\u00bb _builder_version=\u00bb3.25&#8243; background_size=\u00bbinitial\u00bb background_position=\u00bbtop_left\u00bb background_repeat=\u00bbrepeat\u00bb _i=\u00bb1&#8243; _address=\u00bb0.1&#8243; column_structure=\u00bb1_2,1_2&#8243;][et_pb_column type=\u00bb1_2&#8243; _builder_version=\u00bb3.25&#8243; custom_padding=\u00bb|||\u00bb _i=\u00bb0&#8243; _address=\u00bb0.1.0&#8243; custom_padding__hover=\u00bb|||\u00bb][et_pb_accordion _builder_version=\u00bb3.0.100&#8243; _i=\u00bb0&#8243; _address=\u00bb0.1.0.0&#8243;][et_pb_accordion_item title=\u00bbEl Redondal\u00bb open=\u00bbon\u00bb open_toggle_text_color=\u00bb#000000&#8243; _builder_version=\u00bb3.0.100&#8243; background_size=\u00bbinitial\u00bb background_position=\u00bbtop_left\u00bb background_repeat=\u00bbrepeat\u00bb _i=\u00bb0&#8243; _address=\u00bb0.1.0.0.0&#8243;]Los pueblos, generalmente, se arreglan con lo que tienen. Eso es lo que vinieron haciendo todas las comunidades de pastores con el suelo y los recursos que les proporcionaban Los Picos. Y cuando el medio natural \u00fanicamente da piedra, entreverado de pasto interesante para los animales, entre esos mismos lascales y su hierba consigue el hombre un espacio digno de habitaci\u00f3n.<br \/>\nEl Redondal nombra una majada rupestre emplazada a 1.800 metros de altitud, a orillas del pozo de Andra, en la parte m\u00e1s oriental de Los Picos. El top\u00f3nimo se deriva de las enormes piedras o \u201credondas\u201d que se desprendieron de la pared inmediata, cuyas llambrias rubias espaldan la majada por el oeste.<br \/>\nEl resultado que se percibe en la actualidad, en una mirada indistinta, es el de cualquier paisaje de derrabe natural, en el que predominan los grandes cantos y los pedreros. No obstante, enseguida brotan a la observaci\u00f3n decenas de huecos practicados en la piedra o habilitados bajo ella demandando una explicaci\u00f3n. Se trata de unas sesenta habitaciones de pastor dispersas entre las redondas y logradas en la mayor\u00eda de los casos por excavaci\u00f3n.<br \/>\nSoterradas bajo grandes cantos, alguno de ellos de dimensiones cicl\u00f3peas, las oquedades est\u00e1n delimitadas por techo y paredes aprovechadas en la propia roca, y completadas en los intersticios con muros de distinta factura. El umbral de todas ellas presenta el aspecto habitual de las caba\u00f1as, con cierta rusticidad pero contando siempre con solera, siller\u00eda frontal, sobrepuerta, etc. El interior, en cambio, aprovecha las formas de la roca, trabajadas muchas veces al dictado de la necesidad: bancos tallados en la pared, anclajes para los camastros, peque\u00f1as alacenas y piedras de llar, entre otras modificaciones de menor relevancia.<\/p>\n<p>_________________________________<\/p>\n<p>(Del libro: \u00abMarqueses, funcionarios, pol\u00edticos y pastores:\u00a0cr\u00f3nica de un siglo de desencuentros\u00a0entre naturaleza y cultura en los Picos de Europa\u00bb, de\u00a0Jaime Izquierdo y\u00a0Gonzalo Barrena.<br \/>\n[\/et_pb_accordion_item][et_pb_accordion_item title=\u00bbOrdenanzas de Tresviso, 1829&#8243; _builder_version=\u00bb3.0.100&#8243; background_size=\u00bbinitial\u00bb background_position=\u00bbtop_left\u00bb background_repeat=\u00bbrepeat\u00bb _i=\u00bb1&#8243; _address=\u00bb0.1.0.0.1&#8243; open=\u00bboff\u00bb]Las ordenanzas de Tresviso de 1.829 insisten en el car\u00e1cter comunal de las cuevas de \u00c1ndara advirtiendo encarecidamente sobre su utilizaci\u00f3n o cierre particular.<\/p>\n<p>\u201cYten acordaron que ning\u00fan vecino de este pueblo pueda en tiempo alguno recoger sus ganados mayores en ninguna de las cuevas que se denominan de \u00c4ndara y San Juan y en ninguna de ellas y aunque aqu\u00ed no vayan se\u00f1aladas ning\u00fan vecino ha de adquirir posesi\u00f3n por ser como todas son del com\u00fan de esta villa y han de servir los carriles que en dichas cuevas hiciese cada vecino no sea osado a derribarlos, pena de que lo contrario haciendo ha de pagar por cada vez once reales que le exigir\u00e1 el regidor de este pueblo\u201d (Ordenanzas de Tresviso. A\u00f1o de 1829, c. 32)<\/p>\n<p>\u201cYten acordaron y mandaron que cualquier vecino que asistiere en cualquiera de las cuevas que se hallan en todo el circuito de la jurisdicci\u00f3n de esta villa no pueda impedir entrar en ella a cualquier otro vecino que a ella concurra\u201d (idem, c.33)<br \/>\n[\/et_pb_accordion_item][\/et_pb_accordion][et_pb_gallery gallery_ids=\u00bb1457,1458,1459,1460,1461,1462&#8243; fullwidth=\u00bbon\u00bb _builder_version=\u00bb3.0.100&#8243; background_size=\u00bbinitial\u00bb background_position=\u00bbtop_left\u00bb background_repeat=\u00bbrepeat\u00bb pagination_font_size_tablet=\u00bb51&#8243; pagination_line_height_tablet=\u00bb2&#8243; _i=\u00bb1&#8243; _address=\u00bb0.1.0.1&#8243;]&nbsp;<br \/>\n[\/et_pb_gallery][\/et_pb_column][et_pb_column type=\u00bb1_2&#8243; _builder_version=\u00bb3.25&#8243; custom_padding=\u00bb|||\u00bb _i=\u00bb1&#8243; _address=\u00bb0.1.1&#8243; custom_padding__hover=\u00bb|||\u00bb][et_pb_image src=\u00bbhttp:\/\/alospicos.com\/wp-content\/uploads\/2018\/02\/El-Redondal-Concejo.jpg\u00bb align=\u00bbcenter\u00bb align_tablet=\u00bbcenter\u00bb align_last_edited=\u00bbon|desktop\u00bb _builder_version=\u00bb3.23&#8243; border_style=\u00bbsolid\u00bb animation=\u00bboff\u00bb sticky=\u00bboff\u00bb _i=\u00bb0&#8243; _address=\u00bb0.1.1.0&#8243;]&nbsp;<br \/>\n[\/et_pb_image][et_pb_text _builder_version=\u00bb3.27.4&#8243; background_layout=\u00bbdark\u00bb _i=\u00bb1&#8243; _address=\u00bb0.1.1.1&#8243;]<\/p>\n<p style=\"text-align: right;\">Redonda de Concejo en la Aldea del Redondal.<\/p>\n<p>[\/et_pb_text][et_pb_text _builder_version=\u00bb3.27.4&#8243; text_text_color=\u00bb#000000&#8243; background_color=\u00bb#edf000&#8243; background_size=\u00bbinitial\u00bb background_position=\u00bbtop_left\u00bb background_repeat=\u00bbrepeat\u00bb text_orientation=\u00bbjustified\u00bb custom_padding=\u00bb10px|10px|10px|10px\u00bb _i=\u00bb2&#8243; _address=\u00bb0.1.1.2&#8243;]<\/p>\n<p><strong>QU\u00c9 ES EL REDONDAL<\/strong><\/p>\n<p>Una majada aprovechada por los concejos de Bejes y Tresviso, al borde de la cuenca de \u00c1ndara, donde hubo un lago de origen glaciar que se perdi\u00f3, \u00a0sumi\u00e9ndose su caudal entre las fracturas de la roca,\u00a0a causa de las voladuras mineras,<\/p>\n<p>Al otro lado de la vega, frente a las \u00abredondas\u00bb (grandes bloques de piedra), permanecen bocaminas y restos de las explotaciones. En ellas trabajaron muchos pastores y pastoras que alternaban, durante su estancia en el puerto, el cuidado del ganado con las labores de extracci\u00f3n de calamina. Entre ellas, las de muchas mujeres que se deicaban al lavado del mineral en las fuentes del lago.<\/p>\n<p>A la majada se accede, a pie, por una pista c\u00f3moda de <em>macad\u00e1n<\/em>, que pasa por el Refugio conocido como \u00ab<em>El Caset\u00f3n de \u00c1ndara<\/em>\u00ab, tras\u00a0dos horas de camino. La pista arranca del Joyu&#8217;l Teju, muy cerca de Escarandi, en la divisoria de Asturias con Cantabria. En ese punto hay que abandonar la carretera que une Sotres con Tresviso y tomar la pista empedrada que sale hacia arriba y hacia el sur.<\/p>\n<p>[\/et_pb_text][et_pb_code _builder_version=\u00bb3.29.3&#8243; hover_enabled=\u00bb0&#8243;]<iframe loading=\"lazy\" src=\"https:\/\/www.google.com\/maps\/d\/embed?mid=1NdOuQY_3UIkzjFiaIt6J9KNw1jQMhWGg\" width=\"640\" height=\"480\"><\/iframe>[\/et_pb_code][\/et_pb_column][\/et_pb_row][et_pb_row _builder_version=\u00bb3.25&#8243; background_size=\u00bbinitial\u00bb background_position=\u00bbtop_left\u00bb background_repeat=\u00bbrepeat\u00bb _i=\u00bb2&#8243; _address=\u00bb0.2&#8243;][et_pb_column type=\u00bb4_4&#8243; _builder_version=\u00bb3.25&#8243; custom_padding=\u00bb|||\u00bb _i=\u00bb0&#8243; _address=\u00bb0.2.0&#8243; custom_padding__hover=\u00bb|||\u00bb][et_pb_button button_text=\u00bbSubir\u00bb button_alignment=\u00bbcenter\u00bb admin_label=\u00bbInicio\u00bb _builder_version=\u00bb3.16&#8243; custom_button=\u00bbon\u00bb button_text_color=\u00bb#e02b20&#8243; background_layout=\u00bbdark\u00bb _i=\u00bb0&#8243; _address=\u00bb0.2.0.0&#8243; button_text_size__hover_enabled=\u00bboff\u00bb button_one_text_size__hover_enabled=\u00bboff\u00bb button_two_text_size__hover_enabled=\u00bboff\u00bb button_text_color__hover_enabled=\u00bboff\u00bb button_one_text_color__hover_enabled=\u00bboff\u00bb button_two_text_color__hover_enabled=\u00bboff\u00bb button_border_width__hover_enabled=\u00bboff\u00bb button_one_border_width__hover_enabled=\u00bboff\u00bb button_two_border_width__hover_enabled=\u00bboff\u00bb button_border_color__hover_enabled=\u00bboff\u00bb button_one_border_color__hover_enabled=\u00bboff\u00bb button_two_border_color__hover_enabled=\u00bboff\u00bb button_border_radius__hover_enabled=\u00bboff\u00bb button_one_border_radius__hover_enabled=\u00bboff\u00bb button_two_border_radius__hover_enabled=\u00bboff\u00bb button_letter_spacing__hover_enabled=\u00bboff\u00bb button_one_letter_spacing__hover_enabled=\u00bboff\u00bb button_two_letter_spacing__hover_enabled=\u00bboff\u00bb button_bg_color__hover_enabled=\u00bboff\u00bb button_one_bg_color__hover_enabled=\u00bboff\u00bb button_two_bg_color__hover_enabled=\u00bboff\u00bb]&nbsp;<br \/>\n[\/et_pb_button][\/et_pb_column][\/et_pb_row][\/et_pb_section]<\/p>\n","protected":false},"excerpt":{"rendered":"<p>Majada rupestre en \u00c1ndara, Macizo Oriental de Los Picos de Europa &nbsp; Redonda Mayor en la Aldea del Redondal. Los pueblos, generalmente, se arreglan con lo que tienen. Eso es lo que vinieron haciendo todas las comunidades de pastores con el suelo y los recursos que les proporcionaban Los Picos. Y cuando el medio natural [&hellip;]<\/p>\n","protected":false},"author":1,"featured_media":0,"comment_status":"open","ping_status":"closed","template":"","meta":{"_et_pb_use_builder":"on","_et_pb_old_content":"","_et_gb_content_width":"","footnotes":""},"project_category":[8],"project_tag":[],"class_list":["post-1439","project","type-project","status-publish","hentry","project_category-sitios"],"_links":{"self":[{"href":"https:\/\/alospicos.com\/index.php\/wp-json\/wp\/v2\/project\/1439","targetHints":{"allow":["GET"]}}],"collection":[{"href":"https:\/\/alospicos.com\/index.php\/wp-json\/wp\/v2\/project"}],"about":[{"href":"https:\/\/alospicos.com\/index.php\/wp-json\/wp\/v2\/types\/project"}],"author":[{"embeddable":true,"href":"https:\/\/alospicos.com\/index.php\/wp-json\/wp\/v2\/users\/1"}],"replies":[{"embeddable":true,"href":"https:\/\/alospicos.com\/index.php\/wp-json\/wp\/v2\/comments?post=1439"}],"version-history":[{"count":19,"href":"https:\/\/alospicos.com\/index.php\/wp-json\/wp\/v2\/project\/1439\/revisions"}],"predecessor-version":[{"id":1711,"href":"https:\/\/alospicos.com\/index.php\/wp-json\/wp\/v2\/project\/1439\/revisions\/1711"}],"wp:attachment":[{"href":"https:\/\/alospicos.com\/index.php\/wp-json\/wp\/v2\/media?parent=1439"}],"wp:term":[{"taxonomy":"project_category","embeddable":true,"href":"https:\/\/alospicos.com\/index.php\/wp-json\/wp\/v2\/project_category?post=1439"},{"taxonomy":"project_tag","embeddable":true,"href":"https:\/\/alospicos.com\/index.php\/wp-json\/wp\/v2\/project_tag?post=1439"}],"curies":[{"name":"wp","href":"https:\/\/api.w.org\/{rel}","templated":true}]}}

<p>[et_pb_section fb_built=»1&#8243; admin_label=»section» _builder_version=»3.22&#8243; background_color=»#000000&#8243; custom_padding=»54px|14px|54px|0px» bb_built=»1&#8243; _i=»0&#8243; _address=»0&#8243;][et_pb_row _builder_version=»3.25&#8243; background_size=»initial» background_position=»top_left» background_repeat=»repeat» _i=»0&#8243; _address=»0.0&#8243;][et_pb_column type=»4_4&#8243; _builder_version=»3.25&#8243; custom_padding=»|||» _i=»0&#8243; _address=»0.0.0&#8243; custom_padding__hover=»|||»][et_pb_blurb title=»El Redondal» _builder_version=»3.0.100&#8243; header_font=»|on|||» header_font_size=»40px» background_size=»initial» background_position=»top_left» background_repeat=»repeat» text_orientation=»center» background_layout=»dark» border_style=»solid» _i=»0&#8243; _address=»0.0.0.0&#8243;]Majada rupestre en Ándara, Macizo Oriental de Los Picos de Europa<br />
[/et_pb_blurb][et_pb_image src=»http://alospicos.com/wp-content/uploads/2018/02/El-Redondal-Mayor.jpg» align_tablet=»center» align_last_edited=»on|desktop» _builder_version=»3.23&#8243; _i=»1&#8243; _address=»0.0.0.1&#8243;]&nbsp;<br />
[/et_pb_image][et_pb_text _builder_version=»3.27.4&#8243; background_layout=»dark» _i=»2&#8243; _address=»0.0.0.2&#8243;]</p>
<p style="text-align: right;">Redonda Mayor en la Aldea del Redondal.</p>
<p>[/et_pb_text][/et_pb_column][/et_pb_row][et_pb_row admin_label=»row» _builder_version=»3.25&#8243; background_size=»initial» background_position=»top_left» background_repeat=»repeat» _i=»1&#8243; _address=»0.1&#8243; column_structure=»1_2,1_2&#8243;][et_pb_column type=»1_2&#8243; _builder_version=»3.25&#8243; custom_padding=»|||» _i=»0&#8243; _address=»0.1.0&#8243; custom_padding__hover=»|||»][et_pb_accordion _builder_version=»3.0.100&#8243; _i=»0&#8243; _address=»0.1.0.0&#8243;][et_pb_accordion_item title=»El Redondal» open=»on» open_toggle_text_color=»#000000&#8243; _builder_version=»3.0.100&#8243; background_size=»initial» background_position=»top_left» background_repeat=»repeat» _i=»0&#8243; _address=»0.1.0.0.0&#8243;]Los pueblos, generalmente, se arreglan con lo que tienen. Eso es lo que vinieron haciendo todas las comunidades de pastores con el suelo y los recursos que les proporcionaban Los Picos. Y cuando el medio natural únicamente da piedra, entreverado de pasto interesante para los animales, entre esos mismos lascales y su hierba consigue el hombre un espacio digno de habitación.<br />
El Redondal nombra una majada rupestre emplazada a 1.800 metros de altitud, a orillas del pozo de Andra, en la parte más oriental de Los Picos. El topónimo se deriva de las enormes piedras o “redondas” que se desprendieron de la pared inmediata, cuyas llambrias rubias espaldan la majada por el oeste.<br />
El resultado que se percibe en la actualidad, en una mirada indistinta, es el de cualquier paisaje de derrabe natural, en el que predominan los grandes cantos y los pedreros. No obstante, enseguida brotan a la observación decenas de huecos practicados en la piedra o habilitados bajo ella demandando una explicación. Se trata de unas sesenta habitaciones de pastor dispersas entre las redondas y logradas en la mayoría de los casos por excavación.<br />
Soterradas bajo grandes cantos, alguno de ellos de dimensiones ciclópeas, las oquedades están delimitadas por techo y paredes aprovechadas en la propia roca, y completadas en los intersticios con muros de distinta factura. El umbral de todas ellas presenta el aspecto habitual de las cabañas, con cierta rusticidad pero contando siempre con solera, sillería frontal, sobrepuerta, etc. El interior, en cambio, aprovecha las formas de la roca, trabajadas muchas veces al dictado de la necesidad: bancos tallados en la pared, anclajes para los camastros, pequeñas alacenas y piedras de llar, entre otras modificaciones de menor relevancia.</p>
<p>_________________________________</p>
<p>(Del libro: «Marqueses, funcionarios, políticos y pastores: crónica de un siglo de desencuentros entre naturaleza y cultura en los Picos de Europa», de Jaime Izquierdo y Gonzalo Barrena.<br />
[/et_pb_accordion_item][et_pb_accordion_item title=»Ordenanzas de Tresviso, 1829&#8243; _builder_version=»3.0.100&#8243; background_size=»initial» background_position=»top_left» background_repeat=»repeat» _i=»1&#8243; _address=»0.1.0.0.1&#8243; open=»off»]Las ordenanzas de Tresviso de 1.829 insisten en el carácter comunal de las cuevas de Ándara advirtiendo encarecidamente sobre su utilización o cierre particular.</p>
<p>“Yten acordaron que ningún vecino de este pueblo pueda en tiempo alguno recoger sus ganados mayores en ninguna de las cuevas que se denominan de Ändara y San Juan y en ninguna de ellas y aunque aquí no vayan señaladas ningún vecino ha de adquirir posesión por ser como todas son del común de esta villa y han de servir los carriles que en dichas cuevas hiciese cada vecino no sea osado a derribarlos, pena de que lo contrario haciendo ha de pagar por cada vez once reales que le exigirá el regidor de este pueblo” (Ordenanzas de Tresviso. Año de 1829, c. 32)</p>
<p>“Yten acordaron y mandaron que cualquier vecino que asistiere en cualquiera de las cuevas que se hallan en todo el circuito de la jurisdicción de esta villa no pueda impedir entrar en ella a cualquier otro vecino que a ella concurra” (idem, c.33)<br />
[/et_pb_accordion_item][/et_pb_accordion][et_pb_gallery gallery_ids=»1457,1458,1459,1460,1461,1462&#8243; fullwidth=»on» _builder_version=»3.0.100&#8243; background_size=»initial» background_position=»top_left» background_repeat=»repeat» pagination_font_size_tablet=»51&#8243; pagination_line_height_tablet=»2&#8243; _i=»1&#8243; _address=»0.1.0.1&#8243;]&nbsp;<br />
[/et_pb_gallery][/et_pb_column][et_pb_column type=»1_2&#8243; _builder_version=»3.25&#8243; custom_padding=»|||» _i=»1&#8243; _address=»0.1.1&#8243; custom_padding__hover=»|||»][et_pb_image src=»http://alospicos.com/wp-content/uploads/2018/02/El-Redondal-Concejo.jpg» align=»center» align_tablet=»center» align_last_edited=»on|desktop» _builder_version=»3.23&#8243; border_style=»solid» animation=»off» sticky=»off» _i=»0&#8243; _address=»0.1.1.0&#8243;]&nbsp;<br />
[/et_pb_image][et_pb_text _builder_version=»3.27.4&#8243; background_layout=»dark» _i=»1&#8243; _address=»0.1.1.1&#8243;]</p>
<p style="text-align: right;">Redonda de Concejo en la Aldea del Redondal.</p>
<p>[/et_pb_text][et_pb_text _builder_version=»3.27.4&#8243; text_text_color=»#000000&#8243; background_color=»#edf000&#8243; background_size=»initial» background_position=»top_left» background_repeat=»repeat» text_orientation=»justified» custom_padding=»10px|10px|10px|10px» _i=»2&#8243; _address=»0.1.1.2&#8243;]</p>
<p><strong>QUÉ ES EL REDONDAL</strong></p>
<p>Una majada aprovechada por los concejos de Bejes y Tresviso, al borde de la cuenca de Ándara, donde hubo un lago de origen glaciar que se perdió,  sumiéndose su caudal entre las fracturas de la roca, a causa de las voladuras mineras,</p>
<p>Al otro lado de la vega, frente a las «redondas» (grandes bloques de piedra), permanecen bocaminas y restos de las explotaciones. En ellas trabajaron muchos pastores y pastoras que alternaban, durante su estancia en el puerto, el cuidado del ganado con las labores de extracción de calamina. Entre ellas, las de muchas mujeres que se deicaban al lavado del mineral en las fuentes del lago.</p>
<p>A la majada se accede, a pie, por una pista cómoda de <em>macadán</em>, que pasa por el Refugio conocido como «<em>El Casetón de Ándara</em>«, tras dos horas de camino. La pista arranca del Joyu&#8217;l Teju, muy cerca de Escarandi, en la divisoria de Asturias con Cantabria. En ese punto hay que abandonar la carretera que une Sotres con Tresviso y tomar la pista empedrada que sale hacia arriba y hacia el sur.</p>
<p>[/et_pb_text][et_pb_code _builder_version=»3.29.3&#8243; hover_enabled=»0&#8243;]<iframe loading="lazy" src="https://www.google.com/maps/d/embed?mid=1NdOuQY_3UIkzjFiaIt6J9KNw1jQMhWGg" width="640" height="480"></iframe>[/et_pb_code][/et_pb_column][/et_pb_row][et_pb_row _builder_version=»3.25&#8243; background_size=»initial» background_position=»top_left» background_repeat=»repeat» _i=»2&#8243; _address=»0.2&#8243;][et_pb_column type=»4_4&#8243; _builder_version=»3.25&#8243; custom_padding=»|||» _i=»0&#8243; _address=»0.2.0&#8243; custom_padding__hover=»|||»][et_pb_button button_text=»Subir» button_alignment=»center» admin_label=»Inicio» _builder_version=»3.16&#8243; custom_button=»on» button_text_color=»#e02b20&#8243; background_layout=»dark» _i=»0&#8243; _address=»0.2.0.0&#8243; button_text_size__hover_enabled=»off» button_one_text_size__hover_enabled=»off» button_two_text_size__hover_enabled=»off» button_text_color__hover_enabled=»off» button_one_text_color__hover_enabled=»off» button_two_text_color__hover_enabled=»off» button_border_width__hover_enabled=»off» button_one_border_width__hover_enabled=»off» button_two_border_width__hover_enabled=»off» button_border_color__hover_enabled=»off» button_one_border_color__hover_enabled=»off» button_two_border_color__hover_enabled=»off» button_border_radius__hover_enabled=»off» button_one_border_radius__hover_enabled=»off» button_two_border_radius__hover_enabled=»off» button_letter_spacing__hover_enabled=»off» button_one_letter_spacing__hover_enabled=»off» button_two_letter_spacing__hover_enabled=»off» button_bg_color__hover_enabled=»off» button_one_bg_color__hover_enabled=»off» button_two_bg_color__hover_enabled=»off»]&nbsp;<br />
[/et_pb_button][/et_pb_column][/et_pb_row][/et_pb_section]</p>

<p>Majada rupestre en Ándara, Macizo Oriental de Los Picos de Europa &nbsp; Redonda Mayor en la Aldea del Redondal. Los pueblos, generalmente, se arreglan con lo que tienen. Eso es lo que vinieron haciendo todas las comunidades de pastores con el suelo y los recursos que les proporcionaban Los Picos. Y cuando el medio natural [&hellip;]</p>
