{"id":905,"date":"2017-06-24T09:22:30","date_gmt":"2017-06-24T09:22:30","guid":{"rendered":"http:\/\/alospicos.com\/?post_type=project&#038;p=905"},"modified":"2017-06-24T22:14:17","modified_gmt":"2017-06-24T22:14:17","slug":"orandi","status":"publish","type":"project","link":"https:\/\/alospicos.com\/index.php\/project\/orandi\/","title":{"rendered":"Orandi"},"content":{"rendered":"<p>[et_pb_section bb_built=\u00bb1&#8243; admin_label=\u00bbsection\u00bb background_color=\u00bb#000000&#8243; custom_padding=\u00bb54px|14px|54px|0px\u00bb][et_pb_row admin_label=\u00bbFila\u00bb background_position=\u00bbtop_left\u00bb background_repeat=\u00bbrepeat\u00bb background_size=\u00bbinitial\u00bb][et_pb_column type=\u00bb4_4&#8243;][et_pb_blurb admin_label=\u00bbAnuncio\u00bb title=\u00bbOrandi\u00bb background_layout=\u00bbdark\u00bb text_orientation=\u00bbcenter\u00bb header_font=\u00bb|on|||\u00bb header_font_size=\u00bb40px\u00bb background_position=\u00bbtop_left\u00bb background_repeat=\u00bbrepeat\u00bb background_size=\u00bbinitial\u00bb _builder_version=\u00bb3.0.51&#8243; url_new_window=\u00bboff\u00bb use_icon=\u00bboff\u00bb use_circle=\u00bboff\u00bb use_circle_border=\u00bboff\u00bb icon_placement=\u00bbtop\u00bb use_icon_font_size=\u00bboff\u00bb border_style=\u00bbsolid\u00bb animation=\u00bbtop\u00bb]<\/p>\n<p>Vega con invernales al sur del Monte Auseva, en Covadonga<\/p>\n<p>[\/et_pb_blurb][et_pb_image admin_label=\u00bbImagen\u00bb src=\u00bbhttp:\/\/alospicos.com\/wp-content\/uploads\/2017\/06\/R\u00edo-Diva-vega-de-Orandi.jpg\u00bb _builder_version=\u00bb3.0.51&#8243; show_in_lightbox=\u00bboff\u00bb url_new_window=\u00bboff\u00bb use_overlay=\u00bboff\u00bb sticky=\u00bboff\u00bb align=\u00bbleft\u00bb always_center_on_mobile=\u00bbon\u00bb border_style=\u00bbsolid\u00bb force_fullwidth=\u00bboff\u00bb animation=\u00bboff\u00bb \/][\/et_pb_column][\/et_pb_row][et_pb_row admin_label=\u00bbrow\u00bb background_position=\u00bbtop_left\u00bb background_repeat=\u00bbrepeat\u00bb background_size=\u00bbinitial\u00bb][et_pb_column type=\u00bb1_2&#8243;][et_pb_accordion admin_label=\u00bbAcorde\u00f3n\u00bb _builder_version=\u00bb3.0.51&#8243; border_style=\u00bbsolid\u00bb] [et_pb_accordion_item title=\u00bbOrandi\u00bb open=\u00bbon\u00bb]<\/p>\n<p>Gonzalo B.<\/p>\n<p>Por mucho que se escriba de esta vallina ciega emplazada en Covadonga, al sur del Auseva, nunca se dir\u00e1 bastante su belleza. La vega de Orandi es llana y alargada, surcada por un r\u00edo que baja de Las Mestas vecinas y encajada entre montes poblados de hayedo. Desde sus faldas suaves, un cintur\u00f3n de fronda ci\u00f1e las llanas de la vega, limpias y apretadas de pastura. \u00danicamente el r\u00edo hiende el interior del valle, menudeado de \u00e1rboles y discurriendo entre ellos con sinuosidad. Despu\u00e9s del \u00faltimo recodo, el agua describe un semic\u00edrculo, enfrenta la pe\u00f1a del Auseva y desaparece por su pie a trav\u00e9s de una cuchilla natural abierta en la roca. El r\u00edo, engullido, reaparece al otro lado de la masa caliza, formando cola de caballo durante las avenidas y cayendo sobre El Poz\u00f3n, en Covadonga, por debajo de la gruta. La salida del agua que el tiempo habilit\u00f3 en el seno del monte vaci\u00f3 el lago que en su momento colmaba Orandi, y ahora, el limo depositado en su base, sumado a la acci\u00f3n del ganado y a la vocaci\u00f3n natural de todo su suelo, provoca en la vega un gran rendimiento vegetal.<\/p>\n<p>Aunque cuenta con varias entradas, el sitio es habitualmente accesible por el sendero que retrepa La Matona, en tornos continuos desde Covadonga que se abren paso a trav\u00e9s de un bosque de ladera bien nutrido de sombra. La entrada opuesta trae el camino que viene de Las Mestas y su r\u00edo, que penetra en la vega por El Campu L\u00b4Escobiu y la recorre de modo longitudinal. A sus flancos llegan dos senderos bajantes de traza regular en el hayedo. Uno procede de Les Llaceries, invernales cimeros en su dominio sur, y el otro, que viene del norte, desciende en oblicuas las faldas del Auseva desde El Toyu. Junto con El Escobiu y La Ra\u00edz componen la corona de invernales que cierran Orandi, una vallina cerrada en artesa y hendida por un r\u00edo que la vertebra en forma de interrogaci\u00f3n.<\/p>\n<p>[\/et_pb_accordion_item][et_pb_accordion_item title=\u00bbPatrimonio cultural\u00bb open=\u00bboff\u00bb]<\/p>\n<p>Gonzalo B.<\/p>\n<p><strong>Referencias hist\u00f3ricas y documentales<\/strong>: existen tres referencias relevantes: un hidr\u00f3nimo prelatino diva, para el r\u00edo que discurre por la vega, que atestiguar\u00eda la presencia en el lugar de pastoreo de sustrato celta (s.VIII-VI a.C.); el monte Auseva, que la respalda por el norte, mencionado en las cr\u00f3nicas asturianas medievales (Rotense, s. IX) y el r\u00e9gimen de propiedad, que se mantiene hasta el presente, y por el que los terrenos situados a cada margen del r\u00edo pertenecen a los dos tipos cl\u00e1sicos de se\u00f1or\u00edos, el eclesi\u00e1stico y el nobiliario: el abadengo de Covadonga y la casa de Cort\u00e9s, de Cangas de On\u00eds.<\/p>\n<p><strong>Elementos patrimoniales<\/strong>: de escasa arquitectura, y relegada a la margen izquierda del r\u00edo, tan s\u00f3lo permanece en pie la corte, reparada para uso de sus propietarios. La caba\u00f1a est\u00e1 en el suelo. El cerramiento, principalmente de piedra y reforzado con le\u00f1osas, abarca la periferia de las propiedades; y se mantiene en uso por el rendimiento que sus pasturas ofrecen en los entretiempos. Por \u00faltimo, y como muestra del patrimonio cultural \u201cintangible\u201d, el r\u00e9gimen de propiedad que afecta al lugar (se\u00f1or\u00edos eclesi\u00e1stico y civil) puede considerarse como arquet\u00edpico de las relaciones jur\u00eddicas y sociales caracter\u00edsticas del Antiguo R\u00e9gimen y que perduran en la territorialidad actual.<\/p>\n<p>[\/et_pb_accordion_item] [\/et_pb_accordion][et_pb_gallery admin_label=\u00bbGaler\u00eda\u00bb gallery_ids=\u00bb912,916,914,913,911,910,909,920,917&#8243; fullwidth=\u00bbon\u00bb _builder_version=\u00bb3.0.51&#8243; show_title_and_caption=\u00bbon\u00bb show_pagination=\u00bbon\u00bb orientation=\u00bblandscape\u00bb zoom_icon_color=\u00bb#2ea3f2&#8243; hover_overlay_color=\u00bbrgba(255,255,255,0.9)\u00bb background_layout=\u00bblight\u00bb border_style=\u00bbsolid\u00bb auto=\u00bboff\u00bb \/][\/et_pb_column][et_pb_column type=\u00bb1_2&#8243;][et_pb_image admin_label=\u00bbImagen\u00bb src=\u00bbhttp:\/\/alospicos.com\/wp-content\/uploads\/2017\/06\/Ganado-en-la-vega-Orandi.jpg\u00bb align=\u00bbcenter\u00bb _builder_version=\u00bb3.0.51&#8243; show_in_lightbox=\u00bboff\u00bb url_new_window=\u00bboff\u00bb use_overlay=\u00bboff\u00bb sticky=\u00bboff\u00bb always_center_on_mobile=\u00bbon\u00bb border_style=\u00bbsolid\u00bb force_fullwidth=\u00bboff\u00bb animation=\u00bboff\u00bb \/][et_pb_text admin_label=\u00bbTexto\u00bb background_color=\u00bb#edf000&#8243; background_layout=\u00bblight\u00bb text_orientation=\u00bbjustified\u00bb border_style=\u00bbsolid\u00bb custom_padding=\u00bb10px|10px|10px|10px\u00bb background_position=\u00bbtop_left\u00bb background_repeat=\u00bbrepeat\u00bb background_size=\u00bbinitial\u00bb _builder_version=\u00bb3.0.51&#8243;]<\/p>\n<p><strong>QU\u00c9 ES ORANDI<\/strong><\/p>\n<p>Una peque\u00f1a vega con invernales en el sitio denominado \u201cEl campu L\u2019Escobiu\u201d. Aunque sus dimensiones son moderadas y responde m\u00e1s bien a las caracter\u00edsticas de un valle ciego, lo cierto es que re\u00fane los requisitos suficientes para ser considerada en cierta medida un <i>polj\u00e9<\/i>: formaci\u00f3n k\u00e1rstica de fondo plano, con <i>terra rossa<\/i> en la base, cauce sinuoso, paredes en escorrent\u00eda hacia la cuenca y sumidero. Su moderada altitud y su cerramiento la convierte en un lugar ideal para su aprovechamiento ganadero mixto, a siega y a diente en los entretiempos.<\/p>\n<p>[\/et_pb_text][et_pb_code admin_label=\u00bbC\u00f3digo\u00bb _builder_version=\u00bb3.0.51&#8243;]&lt;iframe src=\u00bbhttps:\/\/www.google.com\/maps\/d\/embed?mid=15BwaqmcUcUY8FRFgHSVuLPda5jw\u00bb width=\u00bb640&#8243; height=\u00bb480&#8243;&gt;&lt;\/iframe&gt;[\/et_pb_code][et_pb_button admin_label=\u00bbInicio\u00bb button_text=\u00bbInicio\u00bb url_new_window=\u00bboff\u00bb button_alignment=\u00bbcenter\u00bb background_layout=\u00bbdark\u00bb custom_button=\u00bbon\u00bb button_text_color=\u00bb#e02b20&#8243; button_letter_spacing=\u00bb0&#8243; button_use_icon=\u00bbdefault\u00bb button_icon_placement=\u00bbright\u00bb button_on_hover=\u00bbon\u00bb button_letter_spacing_hover=\u00bb0&#8243; \/][\/et_pb_column][\/et_pb_row][\/et_pb_section]<\/p>\n","protected":false},"excerpt":{"rendered":"<p>Vega con invernales al sur del Monte Auseva, en Covadonga Gonzalo B. Por mucho que se escriba de esta vallina ciega emplazada en Covadonga, al sur del Auseva, nunca se dir\u00e1 bastante su belleza. La vega de Orandi es llana y alargada, surcada por un r\u00edo que baja de Las Mestas vecinas y encajada entre [&hellip;]<\/p>\n","protected":false},"author":1,"featured_media":0,"comment_status":"open","ping_status":"closed","template":"","meta":{"_et_pb_use_builder":"on","_et_pb_old_content":"","_et_gb_content_width":"","footnotes":""},"project_category":[7,8],"project_tag":[],"class_list":["post-905","project","type-project","status-publish","hentry","project_category-rutas","project_category-sitios"],"_links":{"self":[{"href":"https:\/\/alospicos.com\/index.php\/wp-json\/wp\/v2\/project\/905","targetHints":{"allow":["GET"]}}],"collection":[{"href":"https:\/\/alospicos.com\/index.php\/wp-json\/wp\/v2\/project"}],"about":[{"href":"https:\/\/alospicos.com\/index.php\/wp-json\/wp\/v2\/types\/project"}],"author":[{"embeddable":true,"href":"https:\/\/alospicos.com\/index.php\/wp-json\/wp\/v2\/users\/1"}],"replies":[{"embeddable":true,"href":"https:\/\/alospicos.com\/index.php\/wp-json\/wp\/v2\/comments?post=905"}],"version-history":[{"count":6,"href":"https:\/\/alospicos.com\/index.php\/wp-json\/wp\/v2\/project\/905\/revisions"}],"predecessor-version":[{"id":921,"href":"https:\/\/alospicos.com\/index.php\/wp-json\/wp\/v2\/project\/905\/revisions\/921"}],"wp:attachment":[{"href":"https:\/\/alospicos.com\/index.php\/wp-json\/wp\/v2\/media?parent=905"}],"wp:term":[{"taxonomy":"project_category","embeddable":true,"href":"https:\/\/alospicos.com\/index.php\/wp-json\/wp\/v2\/project_category?post=905"},{"taxonomy":"project_tag","embeddable":true,"href":"https:\/\/alospicos.com\/index.php\/wp-json\/wp\/v2\/project_tag?post=905"}],"curies":[{"name":"wp","href":"https:\/\/api.w.org\/{rel}","templated":true}]}}

<p>[et_pb_section bb_built=»1&#8243; admin_label=»section» background_color=»#000000&#8243; custom_padding=»54px|14px|54px|0px»][et_pb_row admin_label=»Fila» background_position=»top_left» background_repeat=»repeat» background_size=»initial»][et_pb_column type=»4_4&#8243;][et_pb_blurb admin_label=»Anuncio» title=»Orandi» background_layout=»dark» text_orientation=»center» header_font=»|on|||» header_font_size=»40px» background_position=»top_left» background_repeat=»repeat» background_size=»initial» _builder_version=»3.0.51&#8243; url_new_window=»off» use_icon=»off» use_circle=»off» use_circle_border=»off» icon_placement=»top» use_icon_font_size=»off» border_style=»solid» animation=»top»]</p>
<p>Vega con invernales al sur del Monte Auseva, en Covadonga</p>
<p>[/et_pb_blurb][et_pb_image admin_label=»Imagen» src=»http://alospicos.com/wp-content/uploads/2017/06/Río-Diva-vega-de-Orandi.jpg» _builder_version=»3.0.51&#8243; show_in_lightbox=»off» url_new_window=»off» use_overlay=»off» sticky=»off» align=»left» always_center_on_mobile=»on» border_style=»solid» force_fullwidth=»off» animation=»off» /][/et_pb_column][/et_pb_row][et_pb_row admin_label=»row» background_position=»top_left» background_repeat=»repeat» background_size=»initial»][et_pb_column type=»1_2&#8243;][et_pb_accordion admin_label=»Acordeón» _builder_version=»3.0.51&#8243; border_style=»solid»] [et_pb_accordion_item title=»Orandi» open=»on»]</p>
<p>Gonzalo B.</p>
<p>Por mucho que se escriba de esta vallina ciega emplazada en Covadonga, al sur del Auseva, nunca se dirá bastante su belleza. La vega de Orandi es llana y alargada, surcada por un río que baja de Las Mestas vecinas y encajada entre montes poblados de hayedo. Desde sus faldas suaves, un cinturón de fronda ciñe las llanas de la vega, limpias y apretadas de pastura. Únicamente el río hiende el interior del valle, menudeado de árboles y discurriendo entre ellos con sinuosidad. Después del último recodo, el agua describe un semicírculo, enfrenta la peña del Auseva y desaparece por su pie a través de una cuchilla natural abierta en la roca. El río, engullido, reaparece al otro lado de la masa caliza, formando cola de caballo durante las avenidas y cayendo sobre El Pozón, en Covadonga, por debajo de la gruta. La salida del agua que el tiempo habilitó en el seno del monte vació el lago que en su momento colmaba Orandi, y ahora, el limo depositado en su base, sumado a la acción del ganado y a la vocación natural de todo su suelo, provoca en la vega un gran rendimiento vegetal.</p>
<p>Aunque cuenta con varias entradas, el sitio es habitualmente accesible por el sendero que retrepa La Matona, en tornos continuos desde Covadonga que se abren paso a través de un bosque de ladera bien nutrido de sombra. La entrada opuesta trae el camino que viene de Las Mestas y su río, que penetra en la vega por El Campu L´Escobiu y la recorre de modo longitudinal. A sus flancos llegan dos senderos bajantes de traza regular en el hayedo. Uno procede de Les Llaceries, invernales cimeros en su dominio sur, y el otro, que viene del norte, desciende en oblicuas las faldas del Auseva desde El Toyu. Junto con El Escobiu y La Raíz componen la corona de invernales que cierran Orandi, una vallina cerrada en artesa y hendida por un río que la vertebra en forma de interrogación.</p>
<p>[/et_pb_accordion_item][et_pb_accordion_item title=»Patrimonio cultural» open=»off»]</p>
<p>Gonzalo B.</p>
<p><strong>Referencias históricas y documentales</strong>: existen tres referencias relevantes: un hidrónimo prelatino diva, para el río que discurre por la vega, que atestiguaría la presencia en el lugar de pastoreo de sustrato celta (s.VIII-VI a.C.); el monte Auseva, que la respalda por el norte, mencionado en las crónicas asturianas medievales (Rotense, s. IX) y el régimen de propiedad, que se mantiene hasta el presente, y por el que los terrenos situados a cada margen del río pertenecen a los dos tipos clásicos de señoríos, el eclesiástico y el nobiliario: el abadengo de Covadonga y la casa de Cortés, de Cangas de Onís.</p>
<p><strong>Elementos patrimoniales</strong>: de escasa arquitectura, y relegada a la margen izquierda del río, tan sólo permanece en pie la corte, reparada para uso de sus propietarios. La cabaña está en el suelo. El cerramiento, principalmente de piedra y reforzado con leñosas, abarca la periferia de las propiedades; y se mantiene en uso por el rendimiento que sus pasturas ofrecen en los entretiempos. Por último, y como muestra del patrimonio cultural “intangible”, el régimen de propiedad que afecta al lugar (señoríos eclesiástico y civil) puede considerarse como arquetípico de las relaciones jurídicas y sociales características del Antiguo Régimen y que perduran en la territorialidad actual.</p>
<p>[/et_pb_accordion_item] [/et_pb_accordion][et_pb_gallery admin_label=»Galería» gallery_ids=»912,916,914,913,911,910,909,920,917&#8243; fullwidth=»on» _builder_version=»3.0.51&#8243; show_title_and_caption=»on» show_pagination=»on» orientation=»landscape» zoom_icon_color=»#2ea3f2&#8243; hover_overlay_color=»rgba(255,255,255,0.9)» background_layout=»light» border_style=»solid» auto=»off» /][/et_pb_column][et_pb_column type=»1_2&#8243;][et_pb_image admin_label=»Imagen» src=»http://alospicos.com/wp-content/uploads/2017/06/Ganado-en-la-vega-Orandi.jpg» align=»center» _builder_version=»3.0.51&#8243; show_in_lightbox=»off» url_new_window=»off» use_overlay=»off» sticky=»off» always_center_on_mobile=»on» border_style=»solid» force_fullwidth=»off» animation=»off» /][et_pb_text admin_label=»Texto» background_color=»#edf000&#8243; background_layout=»light» text_orientation=»justified» border_style=»solid» custom_padding=»10px|10px|10px|10px» background_position=»top_left» background_repeat=»repeat» background_size=»initial» _builder_version=»3.0.51&#8243;]</p>
<p><strong>QUÉ ES ORANDI</strong></p>
<p>Una pequeña vega con invernales en el sitio denominado “El campu L’Escobiu”. Aunque sus dimensiones son moderadas y responde más bien a las características de un valle ciego, lo cierto es que reúne los requisitos suficientes para ser considerada en cierta medida un <i>poljé</i>: formación kárstica de fondo plano, con <i>terra rossa</i> en la base, cauce sinuoso, paredes en escorrentía hacia la cuenca y sumidero. Su moderada altitud y su cerramiento la convierte en un lugar ideal para su aprovechamiento ganadero mixto, a siega y a diente en los entretiempos.</p>
<p>[/et_pb_text][et_pb_code admin_label=»Código» _builder_version=»3.0.51&#8243;]&lt;iframe src=»https://www.google.com/maps/d/embed?mid=15BwaqmcUcUY8FRFgHSVuLPda5jw» width=»640&#8243; height=»480&#8243;&gt;&lt;/iframe&gt;[/et_pb_code][et_pb_button admin_label=»Inicio» button_text=»Inicio» url_new_window=»off» button_alignment=»center» background_layout=»dark» custom_button=»on» button_text_color=»#e02b20&#8243; button_letter_spacing=»0&#8243; button_use_icon=»default» button_icon_placement=»right» button_on_hover=»on» button_letter_spacing_hover=»0&#8243; /][/et_pb_column][/et_pb_row][/et_pb_section]</p>

<p>Vega con invernales al sur del Monte Auseva, en Covadonga Gonzalo B. Por mucho que se escriba de esta vallina ciega emplazada en Covadonga, al sur del Auseva, nunca se dirá bastante su belleza. La vega de Orandi es llana y alargada, surcada por un río que baja de Las Mestas vecinas y encajada entre [&hellip;]</p>
